{"id":81780,"date":"2026-01-29T18:00:44","date_gmt":"2026-01-29T18:00:44","guid":{"rendered":"https:\/\/go-st.vizia.si\/?post_type=product&#038;p=81780"},"modified":"2026-02-11T07:36:21","modified_gmt":"2026-02-11T07:36:21","slug":"barski-mesalnik-mx-850","status":"publish","type":"product","link":"https:\/\/go-st.vizia.si\/?product=barski-mesalnik-mx-850","title":{"rendered":"Barski me\u0161alnik MX 850"},"content":{"rendered":"<p>ME\u0160ALNIK, MX 850<\/p>\n<p><span style=\"line-height: 1.5em;\">iz inoxa, zmogljiv motor, <\/span><\/p>\n<p><span style=\"line-height: 1.5em;\">brezstopenjska\u00a0<\/span><span style=\"line-height: 1.5em;\">regulacija, <\/span><\/p>\n<p><span style=\"line-height: 1.5em;\">osvetljena plo\u0161\u010da za upravljanje,<\/span><\/p>\n<p>steklena posoda 1,8 lit. z ozna\u010dbami volumna,<\/p>\n<p>snemljiv pokrov z odprtino za polnjenje,<\/p>\n<p>U\/min.: max. 18000<\/p>\n<p>Priklju\u010dek: 230 V \/ 850 W<\/p>\n","protected":false},"excerpt":{"rendered":"<p>ME\u0160ALNIK, MX 850 iz inoxa, zmogljiv motor, brezstopenjska\u00a0regulacija, osvetljena plo\u0161\u010da za upravljanje, steklena posoda 1,8 lit. z ozna\u010dbami volumna, snemljiv pokrov z odprtino za polnjenje, U\/min.: max. 18000 Priklju\u010dek: 230 V \/ 850 W<\/p>\n","protected":false},"featured_media":81822,"comment_status":"open","ping_status":"closed","template":"","meta":{"_acf_changed":false},"product_brand":[],"product_cat":[22],"product_tag":[],"class_list":{"0":"post-81780","1":"product","2":"type-product","3":"status-publish","4":"has-post-thumbnail","6":"product_cat-barska-oprema","8":"first","9":"instock","10":"shipping-taxable","11":"purchasable","12":"product-type-simple"},"acf":[],"_links":{"self":[{"href":"https:\/\/go-st.vizia.si\/index.php?rest_route=\/wp\/v2\/product\/81780","targetHints":{"allow":["GET"]}}],"collection":[{"href":"https:\/\/go-st.vizia.si\/index.php?rest_route=\/wp\/v2\/product"}],"about":[{"href":"https:\/\/go-st.vizia.si\/index.php?rest_route=\/wp\/v2\/types\/product"}],"replies":[{"embeddable":true,"href":"https:\/\/go-st.vizia.si\/index.php?rest_route=%2Fwp%2Fv2%2Fcomments&post=81780"}],"wp:featuredmedia":[{"embeddable":true,"href":"https:\/\/go-st.vizia.si\/index.php?rest_route=\/wp\/v2\/media\/81822"}],"wp:attachment":[{"href":"https:\/\/go-st.vizia.si\/index.php?rest_route=%2Fwp%2Fv2%2Fmedia&parent=81780"}],"wp:term":[{"taxonomy":"product_brand","embeddable":true,"href":"https:\/\/go-st.vizia.si\/index.php?rest_route=%2Fwp%2Fv2%2Fproduct_brand&post=81780"},{"taxonomy":"product_cat","embeddable":true,"href":"https:\/\/go-st.vizia.si\/index.php?rest_route=%2Fwp%2Fv2%2Fproduct_cat&post=81780"},{"taxonomy":"product_tag","embeddable":true,"href":"https:\/\/go-st.vizia.si\/index.php?rest_route=%2Fwp%2Fv2%2Fproduct_tag&post=81780"}],"curies":[{"name":"wp","href":"https:\/\/api.w.org\/{rel}","templated":true}]}}