{"id":81792,"date":"2026-01-29T18:00:44","date_gmt":"2026-01-29T18:00:44","guid":{"rendered":"https:\/\/go-st.vizia.si\/?post_type=product&#038;p=81792"},"modified":"2026-02-12T09:48:42","modified_gmt":"2026-02-12T09:48:42","slug":"aparat-za-smetano-sanomat-cremaldi-uno-s","status":"publish","type":"product","link":"https:\/\/go-st.vizia.si\/?product=aparat-za-smetano-sanomat-cremaldi-uno-s","title":{"rendered":"Aparat za smetano, SANOMAT Cremaldi Uno S"},"content":{"rendered":"<p><strong>Stroji za pripravo smetane SANOMAT VAIHINGER<\/strong> so zasnovani za najvi\u0161je zahteve glede higiene in upravljanja, stroj se <strong>dezinfektira<\/strong> <strong>in \u010disti<\/strong> s <strong>prakti\u010dnim postopkom izpiranja<\/strong>, zato razstavljanje stroja za \u010di\u0161\u010denje ni ve\u010d potrebno. So idealni za kavarne, sla\u0161\u010di\u010darne, konditorije in restavracije. Prepri\u010dajo ne le s svojim dobrim razmerjem med ceno in kakovostjo, ampak tudi z visoko zmogljivostjo, enostavnim \u010di\u0161\u010denjem in preprostim upravljanjem.<\/p>\n<h3 class=\"desc-headings\">Poudarki<\/h3>\n<ul>\n<li>Nem\u0161ki proizvajalec blagovne znamke<\/li>\n<li>Zunanji ohi\u0161je, posoda za smetano, me\u0161alnik in \u010drpalka iz nerjave\u010dega jekla<\/li>\n<li><span>Enostavno <\/span>ro\u010dno odmerjanje<\/li>\n<li>Sistem za stepanje z mini me\u0161alno palico zagotavlja voluminozno in stabilno smetano<\/li>\n<li>Nadzor volumna z nastavljivo regulacijo zraka<\/li>\n<li>Hlajenje do okrasne \u0161obe<\/li>\n<li>Popolnoma elektronska regulacija temperature<\/li>\n<li>Ura zmogljivosti do 65 litrov surove smetane<\/li>\n<li>Konstruirano v skladu z direktivami DGUV in DIN 10507<\/li>\n<li>Dezinfekcijsko \u010di\u0161\u010denje s prakti\u010dnim postopkom izpiranja<\/li>\n<\/ul>\n<h3 class=\"desc-headings\">Tehni\u010dne informacije<\/h3>\n<ul>\n<li>Vsebina: 1,5 l<\/li>\n<li>Zmogljivost: 1 l surove smetane v 60 sekundah<\/li>\n<li>Priklju\u010dek: 230 V \/ 50 Hz<\/li>\n<li>Dimenzije: 22,5 x 34 x 44,5 cm (\u0160xGxV)<\/li>\n<\/ul>\n<h3 class=\"desc-headings\">Prilo\u017eena oprema<\/h3>\n<ul>\n<li>vklju\u010dno z vzor\u010dno stekleni\u010dko SANO-Desinfekt-Plus<\/li>\n<li><span>komplet orodja in tesnil<\/span><\/li>\n<\/ul>\n","protected":false},"excerpt":{"rendered":"<p>Vsebina: 1,5 l.<br \/>Zmogljivost: 1 l surove smetane v 60 sekundah<br \/>Priklju\u010dek: 230 V \/ 50 Hz<br \/>Dimenzije: 22,5 x 34 x 44,5 cm (\u0160xGxV)<\/p>\n","protected":false},"featured_media":81834,"comment_status":"open","ping_status":"closed","template":"","meta":{"_acf_changed":false},"product_brand":[166],"product_cat":[108],"product_tag":[],"class_list":{"0":"post-81792","1":"product","2":"type-product","3":"status-publish","4":"has-post-thumbnail","6":"product_brand-mayway","7":"product_cat-aparati-za-smetano","9":"first","10":"instock","11":"shipping-taxable","12":"purchasable","13":"product-type-simple"},"acf":[],"_links":{"self":[{"href":"https:\/\/go-st.vizia.si\/index.php?rest_route=\/wp\/v2\/product\/81792","targetHints":{"allow":["GET"]}}],"collection":[{"href":"https:\/\/go-st.vizia.si\/index.php?rest_route=\/wp\/v2\/product"}],"about":[{"href":"https:\/\/go-st.vizia.si\/index.php?rest_route=\/wp\/v2\/types\/product"}],"replies":[{"embeddable":true,"href":"https:\/\/go-st.vizia.si\/index.php?rest_route=%2Fwp%2Fv2%2Fcomments&post=81792"}],"wp:featuredmedia":[{"embeddable":true,"href":"https:\/\/go-st.vizia.si\/index.php?rest_route=\/wp\/v2\/media\/81834"}],"wp:attachment":[{"href":"https:\/\/go-st.vizia.si\/index.php?rest_route=%2Fwp%2Fv2%2Fmedia&parent=81792"}],"wp:term":[{"taxonomy":"product_brand","embeddable":true,"href":"https:\/\/go-st.vizia.si\/index.php?rest_route=%2Fwp%2Fv2%2Fproduct_brand&post=81792"},{"taxonomy":"product_cat","embeddable":true,"href":"https:\/\/go-st.vizia.si\/index.php?rest_route=%2Fwp%2Fv2%2Fproduct_cat&post=81792"},{"taxonomy":"product_tag","embeddable":true,"href":"https:\/\/go-st.vizia.si\/index.php?rest_route=%2Fwp%2Fv2%2Fproduct_tag&post=81792"}],"curies":[{"name":"wp","href":"https:\/\/api.w.org\/{rel}","templated":true}]}}