{"id":81793,"date":"2026-01-29T18:00:44","date_gmt":"2026-01-29T18:00:44","guid":{"rendered":"https:\/\/go-st.vizia.si\/?post_type=product&#038;p=81793"},"modified":"2026-02-12T09:49:18","modified_gmt":"2026-02-12T09:49:18","slug":"hladilna-vitrina-mrc-400","status":"publish","type":"product","link":"https:\/\/go-st.vizia.si\/?product=hladilna-vitrina-mrc-400","title":{"rendered":"Hladilna vitrina, MRC-400"},"content":{"rendered":"<p><strong>Hladilne vitrine MAYWAY<\/strong> so odli\u010dne za hlajenje in predstavitev tort, peciva, desertov, prigrizkov in pija\u010d, zato zelo spodbujajo prodajo. <strong>Moderen dizajn<\/strong>, <strong>prostorna predstavitvena povr\u0161ina<\/strong> in <strong>4-stransko dvojno steklo<\/strong> omogo\u010dajo optimalno predstavitev va\u0161ih izdelkov. Preudarna notranja osvetlitev daje va\u0161im izdelkom \u0161e posebej apetiten videz in jih spremeni v posebne vrhunce. Va\u0161a hrana ostane dlje sve\u017ea zaradi <strong>u\u010dinkovitega sistema hlajenja z zra\u010dnim obtokom<\/strong>, ki je opremljen z visokokakovostnimi komponentami in zagotavlja enakomerno temperaturo v celotnem notranjem prostoru.<\/p>\n<h3 class=\"desc-headings\">Poudarki<\/h3>\n<ul>\n<li>Dvojno steklo<\/li>\n<li>Enostavno polnjenje na strani upravljavca<\/li>\n<li>Moderen dizajn <\/li>\n<li>LED notranja osvetlitev za privla\u010dno predstavitev izdelkov<\/li>\n<li>400 l prostornina <\/li>\n<li>Osvetljene, vi\u0161insko nastavljive steklene police <\/li>\n<\/ul>\n<h3 class=\"desc-headings\">Informacije o izdelku<\/h3>\n<ul>\n<li>Barva okvirja: \u010drna<\/li>\n<li>Ohi\u0161je: nerjave\u010de jeklo<\/li>\n<li>LED notranja osvetlitev<\/li>\n<li>digitalni zaslon<\/li>\n<li>energetsko var\u010den<\/li>\n<li>prostornina: 400 l<\/li>\n<li>3 osvetljene in vi\u0161insko nastavljive steklene police<\/li>\n<li>na kolesih<\/li>\n<\/ul>\n<h3 class=\"desc-headings\">Tehni\u010dne informacije<\/h3>\n<ul>\n<li>Hlajenje z zra\u010dnim pretokom<\/li>\n<li>Avtomatsko odmrzovanje<\/li>\n<li>Temperaturno obmo\u010dje: +3\u00b0\/+8\u00b0C<\/li>\n<li>Hladilno sredstvo: R600a<\/li>\n<li>Povezovalna vrednost: 230 V \/ 450 W<\/li>\n<li>Dimenzije: 90 x 80,5 x 144,5 cm<\/li>\n<\/ul>\n<h3 class=\"desc-headings\">Prilo\u017eena oprema<\/h3>\n<ul>\n<li>3 steklene police<\/li>\n<\/ul>\n","protected":false},"excerpt":{"rendered":"<p>Temperaturno obmo\u010dje: +3\u00b0\/+8\u00b0C<br \/>Povezava: 230 V \/ 450 W<br \/>Dimenzije: 90 x 80,5 x 144,5 cm (\u0160xGxV)<\/p>\n","protected":false},"featured_media":82605,"comment_status":"open","ping_status":"closed","template":"","meta":{"_acf_changed":false},"product_brand":[],"product_cat":[34],"product_tag":[],"class_list":{"0":"post-81793","1":"product","2":"type-product","3":"status-publish","4":"has-post-thumbnail","6":"product_cat-hladilne-vitrine","8":"first","9":"instock","10":"shipping-taxable","11":"purchasable","12":"product-type-simple"},"acf":[],"_links":{"self":[{"href":"https:\/\/go-st.vizia.si\/index.php?rest_route=\/wp\/v2\/product\/81793","targetHints":{"allow":["GET"]}}],"collection":[{"href":"https:\/\/go-st.vizia.si\/index.php?rest_route=\/wp\/v2\/product"}],"about":[{"href":"https:\/\/go-st.vizia.si\/index.php?rest_route=\/wp\/v2\/types\/product"}],"replies":[{"embeddable":true,"href":"https:\/\/go-st.vizia.si\/index.php?rest_route=%2Fwp%2Fv2%2Fcomments&post=81793"}],"wp:featuredmedia":[{"embeddable":true,"href":"https:\/\/go-st.vizia.si\/index.php?rest_route=\/wp\/v2\/media\/82605"}],"wp:attachment":[{"href":"https:\/\/go-st.vizia.si\/index.php?rest_route=%2Fwp%2Fv2%2Fmedia&parent=81793"}],"wp:term":[{"taxonomy":"product_brand","embeddable":true,"href":"https:\/\/go-st.vizia.si\/index.php?rest_route=%2Fwp%2Fv2%2Fproduct_brand&post=81793"},{"taxonomy":"product_cat","embeddable":true,"href":"https:\/\/go-st.vizia.si\/index.php?rest_route=%2Fwp%2Fv2%2Fproduct_cat&post=81793"},{"taxonomy":"product_tag","embeddable":true,"href":"https:\/\/go-st.vizia.si\/index.php?rest_route=%2Fwp%2Fv2%2Fproduct_tag&post=81793"}],"curies":[{"name":"wp","href":"https:\/\/api.w.org\/{rel}","templated":true}]}}