{"id":81945,"date":"2026-01-29T18:01:11","date_gmt":"2026-01-29T18:01:11","guid":{"rendered":"https:\/\/go-st.vizia.si\/?post_type=product&#038;p=81945"},"modified":"2026-02-12T09:49:22","modified_gmt":"2026-02-12T09:49:22","slug":"posoda-za-testo-za-pico-ptb007","status":"publish","type":"product","link":"https:\/\/go-st.vizia.si\/?product=posoda-za-testo-za-pico-ptb007","title":{"rendered":"Posoda za testo za pico, PTB007"},"content":{"rendered":"<h3 class=\"desc-headings\">Poudarki<\/h3>\n<ul>\n<li>Idealno za shranjevanje in prevoz \u017eivil<\/li>\n<li>Odporen in lahek<\/li>\n<li>Ne prevzema vonjav<\/li>\n<li>Enostavno \u010di\u0161\u010denje, primeren za pomivanje v pomivalnem stroju<\/li>\n<li>Temperaturno odporen od -40 \u00b0C do +80 \u00b0C<\/li>\n<li>Zlo\u017eljiv z dvignjenim dnom<\/li>\n<\/ul>\n<h3 class=\"desc-headings\">Tehni\u010dne informacije<\/h3>\n<p>Vsebina: 13 l.<br \/>Notranje mere: 57 x 37 x 6 cm (\u0160xGxV)<br \/>Zunanje mere: 60 x 40 x 7 cm (\u0160xGxV)<br \/>Material: polietilen<br \/>Barva: bela<\/p>\n","protected":false},"excerpt":{"rendered":"<p>Vsebina: 13 l.<br \/>Notranje dimenzije: 57 x 37 x 6 cm (\u0160xGxV)<br \/>Zunanje dimenzije: 60 x 40 x 7 cm (\u0160xGxV)<\/p>\n","protected":false},"featured_media":81975,"comment_status":"open","ping_status":"closed","template":"","meta":{"_acf_changed":false},"product_brand":[166],"product_cat":[29],"product_tag":[],"class_list":{"0":"post-81945","1":"product","2":"type-product","3":"status-publish","4":"has-post-thumbnail","6":"product_brand-mayway","7":"product_cat-lonci-in-ponve","9":"first","10":"instock","11":"shipping-taxable","12":"purchasable","13":"product-type-simple"},"acf":[],"_links":{"self":[{"href":"https:\/\/go-st.vizia.si\/index.php?rest_route=\/wp\/v2\/product\/81945","targetHints":{"allow":["GET"]}}],"collection":[{"href":"https:\/\/go-st.vizia.si\/index.php?rest_route=\/wp\/v2\/product"}],"about":[{"href":"https:\/\/go-st.vizia.si\/index.php?rest_route=\/wp\/v2\/types\/product"}],"replies":[{"embeddable":true,"href":"https:\/\/go-st.vizia.si\/index.php?rest_route=%2Fwp%2Fv2%2Fcomments&post=81945"}],"wp:featuredmedia":[{"embeddable":true,"href":"https:\/\/go-st.vizia.si\/index.php?rest_route=\/wp\/v2\/media\/81975"}],"wp:attachment":[{"href":"https:\/\/go-st.vizia.si\/index.php?rest_route=%2Fwp%2Fv2%2Fmedia&parent=81945"}],"wp:term":[{"taxonomy":"product_brand","embeddable":true,"href":"https:\/\/go-st.vizia.si\/index.php?rest_route=%2Fwp%2Fv2%2Fproduct_brand&post=81945"},{"taxonomy":"product_cat","embeddable":true,"href":"https:\/\/go-st.vizia.si\/index.php?rest_route=%2Fwp%2Fv2%2Fproduct_cat&post=81945"},{"taxonomy":"product_tag","embeddable":true,"href":"https:\/\/go-st.vizia.si\/index.php?rest_route=%2Fwp%2Fv2%2Fproduct_tag&post=81945"}],"curies":[{"name":"wp","href":"https:\/\/api.w.org\/{rel}","templated":true}]}}