{"id":81982,"date":"2026-01-29T18:01:20","date_gmt":"2026-01-29T18:01:20","guid":{"rendered":"https:\/\/go-st.vizia.si\/?post_type=product&#038;p=81982"},"modified":"2026-02-12T09:49:08","modified_gmt":"2026-02-12T09:49:08","slug":"elektricni-jusnik-st-01","status":"publish","type":"product","link":"https:\/\/go-st.vizia.si\/?product=elektricni-jusnik-st-01","title":{"rendered":"Elektri\u010dni ju\u0161nik ST-01"},"content":{"rendered":"<p>Nepogre\u0161ljiv za vsak bife \u2013 <strong>elektri\u010dni lonec za juho MAYWAY<\/strong> prepri\u010da z dobrim razmerjem med ceno in kakovostjo. Svoje juhe predstavite na privla\u010den na\u010din in pri pravi temperaturi.<\/p>\n<h3 class=\"desc-headings\">Poudarki<\/h3>\n<ul>\n<li>Notranji lonec, ro\u010daji in pokrov iz poliranega nerjave\u010dega jekla<\/li>\n<li>Zunanji ohi\u0161je iz \u010drnega polipropilena<\/li>\n<li>Posoda za vodno kopel iz nerjave\u010dega jekla<\/li>\n<li>Pokrov s te\u010dajem in izrezom za zajemalko<\/li>\n<li>Nosilec za nalepke<\/li>\n<li>Regulacija temperature s termostatom<\/li>\n<li>Kontrolna lu\u010dka ogrevanja in <span>za\u0161\u010dita pred pregrevanjem<\/span><\/li>\n<\/ul>\n<h3 class=\"desc-headings\">Tehni\u010dne informacije<\/h3>\n<ul>\n<li>Vsebina: 10 litrov<\/li>\n<li>Temperaturno obmo\u010dje max.: +80 \u00b0C<\/li>\n<li>Elektri\u010dna mo\u010d: 230 V \/ 400 W<\/li>\n<li>Dimenzije: 39 x 37 cm (DMxH)<\/li>\n<\/ul>\n","protected":false},"excerpt":{"rendered":"<p>Vsebina: 10 litrov<br \/>Temperaturno obmo\u010dje max.: +80 \u00b0C<br \/>Elektri\u010dna mo\u010d: 230 V \/ 400 W<br \/>Dimenzije: 39 x 37 cm (DMxH)<\/p>\n","protected":false},"featured_media":82012,"comment_status":"open","ping_status":"closed","template":"","meta":{"_acf_changed":false},"product_brand":[],"product_cat":[30],"product_tag":[],"class_list":{"0":"post-81982","1":"product","2":"type-product","3":"status-publish","4":"has-post-thumbnail","6":"product_cat-postrezne-posode","8":"first","9":"instock","10":"shipping-taxable","11":"purchasable","12":"product-type-simple"},"acf":[],"_links":{"self":[{"href":"https:\/\/go-st.vizia.si\/index.php?rest_route=\/wp\/v2\/product\/81982","targetHints":{"allow":["GET"]}}],"collection":[{"href":"https:\/\/go-st.vizia.si\/index.php?rest_route=\/wp\/v2\/product"}],"about":[{"href":"https:\/\/go-st.vizia.si\/index.php?rest_route=\/wp\/v2\/types\/product"}],"replies":[{"embeddable":true,"href":"https:\/\/go-st.vizia.si\/index.php?rest_route=%2Fwp%2Fv2%2Fcomments&post=81982"}],"wp:featuredmedia":[{"embeddable":true,"href":"https:\/\/go-st.vizia.si\/index.php?rest_route=\/wp\/v2\/media\/82012"}],"wp:attachment":[{"href":"https:\/\/go-st.vizia.si\/index.php?rest_route=%2Fwp%2Fv2%2Fmedia&parent=81982"}],"wp:term":[{"taxonomy":"product_brand","embeddable":true,"href":"https:\/\/go-st.vizia.si\/index.php?rest_route=%2Fwp%2Fv2%2Fproduct_brand&post=81982"},{"taxonomy":"product_cat","embeddable":true,"href":"https:\/\/go-st.vizia.si\/index.php?rest_route=%2Fwp%2Fv2%2Fproduct_cat&post=81982"},{"taxonomy":"product_tag","embeddable":true,"href":"https:\/\/go-st.vizia.si\/index.php?rest_route=%2Fwp%2Fv2%2Fproduct_tag&post=81982"}],"curies":[{"name":"wp","href":"https:\/\/api.w.org\/{rel}","templated":true}]}}