{"id":82002,"date":"2026-01-29T18:01:20","date_gmt":"2026-01-29T18:01:20","guid":{"rendered":"https:\/\/go-st.vizia.si\/?post_type=product&#038;p=82002"},"modified":"2026-02-11T07:36:31","modified_gmt":"2026-02-11T07:36:31","slug":"transportni-termo-box-ap-150","status":"publish","type":"product","link":"https:\/\/go-st.vizia.si\/?product=transportni-termo-box-ap-150","title":{"rendered":"Transportni termo box AP 150"},"content":{"rendered":"<p>Transportni termo box AP 150, je narejen po modernem dizajnu. Izredno funkcionalen. Idealen za shranjevanje \u017eivil. Omogo\u010da varen transport. Prepre\u010duje nevarnost nastajanja bakterij in ohranja kakovost hrane. Prakti\u010dni ro\u010daji za la\u017eje in enostavnej\u0161e prena\u0161anje. Primeren za posode GN 1\/1, vi\u0161ine 20 mm. S pomo\u010djo notranjih pre\u010dk lahko poleg posode GN 1\/1 vstavljamo tudi druga\u010dne dimenzije GN posod. Pokrov zadr\u017euje odve\u010dno uhajanje toplote. Za uporabo v temperaturnem obmo\u010dju od \u2013 30\u00b0C do + 100 \u00b0C. V modri, rde\u010di ali sivi barvi.<\/p>\n","protected":false},"excerpt":{"rendered":"<p>Transportni termo box AP 150, je narejen po modernem dizajnu. Izredno funkcionalen. Idealen za shranjevanje \u017eivil. Omogo\u010da varen transport. Prepre\u010duje nevarnost nastajanja bakterij in ohranja kakovost hrane. Prakti\u010dni ro\u010daji za la\u017eje in enostavnej\u0161e prena\u0161anje. Primeren za posode GN 1\/1, vi\u0161ine 20 mm. S pomo\u010djo notranjih pre\u010dk lahko poleg posode GN 1\/1 vstavljamo tudi druga\u010dne dimenzije [&hellip;]<\/p>\n","protected":false},"featured_media":82040,"comment_status":"open","ping_status":"closed","template":"","meta":{"_acf_changed":false},"product_brand":[],"product_cat":[102],"product_tag":[],"class_list":{"0":"post-82002","1":"product","2":"type-product","3":"status-publish","4":"has-post-thumbnail","6":"product_cat-termo-posode","8":"first","9":"instock","10":"shipping-taxable","11":"purchasable","12":"product-type-simple"},"acf":[],"_links":{"self":[{"href":"https:\/\/go-st.vizia.si\/index.php?rest_route=\/wp\/v2\/product\/82002","targetHints":{"allow":["GET"]}}],"collection":[{"href":"https:\/\/go-st.vizia.si\/index.php?rest_route=\/wp\/v2\/product"}],"about":[{"href":"https:\/\/go-st.vizia.si\/index.php?rest_route=\/wp\/v2\/types\/product"}],"replies":[{"embeddable":true,"href":"https:\/\/go-st.vizia.si\/index.php?rest_route=%2Fwp%2Fv2%2Fcomments&post=82002"}],"wp:featuredmedia":[{"embeddable":true,"href":"https:\/\/go-st.vizia.si\/index.php?rest_route=\/wp\/v2\/media\/82040"}],"wp:attachment":[{"href":"https:\/\/go-st.vizia.si\/index.php?rest_route=%2Fwp%2Fv2%2Fmedia&parent=82002"}],"wp:term":[{"taxonomy":"product_brand","embeddable":true,"href":"https:\/\/go-st.vizia.si\/index.php?rest_route=%2Fwp%2Fv2%2Fproduct_brand&post=82002"},{"taxonomy":"product_cat","embeddable":true,"href":"https:\/\/go-st.vizia.si\/index.php?rest_route=%2Fwp%2Fv2%2Fproduct_cat&post=82002"},{"taxonomy":"product_tag","embeddable":true,"href":"https:\/\/go-st.vizia.si\/index.php?rest_route=%2Fwp%2Fv2%2Fproduct_tag&post=82002"}],"curies":[{"name":"wp","href":"https:\/\/api.w.org\/{rel}","templated":true}]}}