{"id":82478,"date":"2026-01-29T18:02:38","date_gmt":"2026-01-29T18:02:38","guid":{"rendered":"https:\/\/go-st.vizia.si\/?post_type=product&#038;p=82478"},"modified":"2026-02-12T09:42:20","modified_gmt":"2026-02-12T09:42:20","slug":"hladni-bife-gastroline-1-0","status":"publish","type":"product","link":"https:\/\/go-st.vizia.si\/?product=hladni-bife-gastroline-1-0","title":{"rendered":"HLADNI BIFE, GASTROLINE 1.0"},"content":{"rendered":"<p><strong>Linija bifejev GASTROLINE podjetja MAYWAY<\/strong> je individualno oblikovalen, <strong>modularen sistem bifejev<\/strong>, ki ga je mogo\u010de kombinirati v razli\u010dnih dol\u017einah in izvedbah. <br \/>Linija bifejev GASTROLINE vam ponuja bogat izbor <strong>razli\u010dnih dekorjev, barv in izvedb<\/strong>, vsi modularni elementi so robustni in kakovostno izdelani. V kombinaciji z razli\u010dnimi mo\u017enostmi uporabe lahko ustvarite bifejsko okolje povsem po va\u0161ih \u017eeljah.<\/p>\n<h3 class=\"desc-headings\">Poudarki<\/h3>\n<ul>\n<li>Zunanji ohi\u0161je iz \u010drne jeklene plo\u010devine s pra\u0161nim premazom<\/li>\n<li>Sprednja obloga iz \u010drnega laminata z ogledalom<\/li>\n<li>Delovna plo\u0161\u010da iz sivega granita debeline 3 cm<\/li>\n<li>Fiksna steklena pokrivna plo\u0161\u010da, ravno sprednje steklo iz varnostnega stekla na strani stranke<\/li>\n<li>Stekleni pokrov z notranjo LED osvetlitvijo<\/li>\n<li>Podstavek z vrtljivimi vrati, samozapiralni z magnetnim tesnilom<\/li>\n<li>Stabilna in visokokakovostna izvedba na vi\u0161insko nastavljivih nogah<\/li>\n<li>Izolirano s poliuretansko peno<\/li>\n<li>Mo\u010dno hlajenje z zra\u010dnim kro\u017eenjem in avtomatskim odmrzovanjem<\/li>\n<li>Avtomatsko izhlapevanje kondenzata<\/li>\n<li>Digitalno uravnavanje temperature s prikazom temperature in stanja<\/li>\n<li>Zvo\u010dni alarm ob onesna\u017eenju kondenzatorja ali blokadi ventilatorja<\/li>\n<\/ul>\n<h3 class=\"desc-headings\">Tehni\u010dne informacije<\/h3>\n<ul>\n<li>Kapaciteta: 2 x GN 1\/1 + 1 x GN 2\/4<\/li>\n<li>Koristna prostornina: 240 l<\/li>\n<li>Temperaturno obmo\u010dje: +2 \u00b0C\/+8 \u00b0C<\/li>\n<li>Hladilno sredstvo: R290<\/li>\n<li>Priklju\u010dek: 230 V \/ 470 W<\/li>\n<li>Dimenzije: 100 x 80 x 125 cm (\u0160xGxV)<\/li>\n<li>Te\u017ea: 158 kg<\/li>\n<\/ul>\n<p><strong>Dodatne opcije za dopla\u010dilo<\/strong><\/p>\n<ul>\n<li>Plo\u0161\u010dad za pladnje<\/li>\n<li>No\u010dna za\u0161\u010dita iz pleksi stekla<\/li>\n<li>Granitna plo\u0161\u010da, \u010drna, Balmoral<\/li>\n<li>Zunanja obloga v barvah RAL<\/li>\n<li>Zunanja obloga iz nerjave\u010dega jekla<\/li>\n<li>Podstavek iz nerjave\u010dega jekla<\/li>\n<li>Podno\u017eje iz nerjave\u010dega jekla<\/li>\n<li>Komplet koles za mobilno postavitev<\/li>\n<\/ul>\n","protected":false},"excerpt":{"rendered":"<p>Kapaciteta: 2 x GN 1\/1 + 1 x GN 2\/4<br \/><span>Koristni volumen<\/span>: 240 l.<br \/>Temperaturno obmo\u010dje: +2\u00b0\/+8\u00b0C<br \/>Hladilno sredstvo: R290<br \/>Priklju\u010dek: 230 V \/ 470 W<br \/>Dimenzije: 100 x 80 x 125 cm (\u0160xGxV)<br \/>Te\u017ea: 158 kg<\/p>\n","protected":false},"featured_media":82551,"comment_status":"open","ping_status":"closed","template":"","meta":{"_acf_changed":false},"product_brand":[],"product_cat":[34],"product_tag":[],"class_list":{"0":"post-82478","1":"product","2":"type-product","3":"status-publish","4":"has-post-thumbnail","6":"product_cat-hladilne-vitrine","8":"first","9":"instock","10":"shipping-taxable","11":"purchasable","12":"product-type-simple"},"acf":[],"_links":{"self":[{"href":"https:\/\/go-st.vizia.si\/index.php?rest_route=\/wp\/v2\/product\/82478","targetHints":{"allow":["GET"]}}],"collection":[{"href":"https:\/\/go-st.vizia.si\/index.php?rest_route=\/wp\/v2\/product"}],"about":[{"href":"https:\/\/go-st.vizia.si\/index.php?rest_route=\/wp\/v2\/types\/product"}],"replies":[{"embeddable":true,"href":"https:\/\/go-st.vizia.si\/index.php?rest_route=%2Fwp%2Fv2%2Fcomments&post=82478"}],"wp:featuredmedia":[{"embeddable":true,"href":"https:\/\/go-st.vizia.si\/index.php?rest_route=\/wp\/v2\/media\/82551"}],"wp:attachment":[{"href":"https:\/\/go-st.vizia.si\/index.php?rest_route=%2Fwp%2Fv2%2Fmedia&parent=82478"}],"wp:term":[{"taxonomy":"product_brand","embeddable":true,"href":"https:\/\/go-st.vizia.si\/index.php?rest_route=%2Fwp%2Fv2%2Fproduct_brand&post=82478"},{"taxonomy":"product_cat","embeddable":true,"href":"https:\/\/go-st.vizia.si\/index.php?rest_route=%2Fwp%2Fv2%2Fproduct_cat&post=82478"},{"taxonomy":"product_tag","embeddable":true,"href":"https:\/\/go-st.vizia.si\/index.php?rest_route=%2Fwp%2Fv2%2Fproduct_tag&post=82478"}],"curies":[{"name":"wp","href":"https:\/\/api.w.org\/{rel}","templated":true}]}}