{"id":82558,"date":"2026-01-29T18:02:48","date_gmt":"2026-01-29T18:02:48","guid":{"rendered":"https:\/\/go-st.vizia.si\/?post_type=product&#038;p=82558"},"modified":"2026-02-12T09:42:21","modified_gmt":"2026-02-12T09:42:21","slug":"vitrina-za-torte-gastroline-cube-1-3w","status":"publish","type":"product","link":"https:\/\/go-st.vizia.si\/?product=vitrina-za-torte-gastroline-cube-1-3w","title":{"rendered":"VITRINA ZA TORTE GASTROLINE CUBE 1.3W"},"content":{"rendered":"<p>Moderen dizajn in najnovej\u0161a tehnologija. <strong>Hladilne vitrine MAYWAY<\/strong> so odli\u010dne za hlajenje in predstavitev tort, peciva, desertov in prigrizkov. <strong>Moderen dizajn<\/strong>, <strong>prostorna predstavitvena povr\u0161ina<\/strong> in 4-stransko steklo omogo\u010dajo optimalno predstavitev va\u0161ih izdelkov. Notranja LED-razsvetljava in  inovativna <strong>razsvetljava steklenih polic<\/strong>  va\u0161im izdelkom dajejo \u0161e posebej apetiten videz in jih spremenijo v posebne poudarke. Va\u0161a \u017eivila ostanejo dlje sve\u017ea zaradi u\u010dinkovitega sistema hlajenja z zra\u010dnim obtokom, ki zagotavlja enakomerno temperaturo v celotnem notranjem prostoru. Zaradi <strong>visokokakovostne izolacije<\/strong> in termo-drsnih vrat delujete u\u010dinkovito in var\u010dno z energijo.\u00a0<\/p>\n<h3 class=\"desc-headings\">Poudarki<\/h3>\n<ul>\n<li>Visokokakovostna izolacija<\/li>\n<li>Termosklopna vrata na strani upravljavca<\/li>\n<li>Sistem proti zameglitvi sprednjega stekla<\/li>\n<li>Enostavno in hitro \u010di\u0161\u010denje <\/li>\n<li>Osvetljene steklene police, ki so nastavljive po naklonu in vi\u0161ini<\/li>\n<li>Velika predstavitvena povr\u0161ina<\/li>\n<\/ul>\n<h3 class=\"desc-headings\">Informacije o izdelku<\/h3>\n<ul>\n<li>Sprednja obloga iz \u010drnega laminata<\/li>\n<li>ravno sprednje steklo<\/li>\n<li>termo-drsna vrata<\/li>\n<li>spodnja polica iz nerjave\u010dega, kislinam odpornega plo\u010devine<\/li>\n<li>Notranja osvetlitev<\/li>\n<li>Digitalni prikaz temperature<\/li>\n<li>2 osvetljeni, po vi\u0161ini in naklonu nastavljivi stekleni polici<\/li>\n<li>Po vi\u0161ini nastavljive izravnalne noge<\/li>\n<\/ul>\n<h3 class=\"desc-headings\">Tehni\u010dne informacije<\/h3>\n<ul>\n<li>Hlajenje z zra\u010dnim kro\u017eenjem<\/li>\n<li>Elektronsko krmiljenje<\/li>\n<li>Avtomatsko odtaljevanje<\/li>\n<li>Izparevanje kondenzata<\/li>\n<li>Temperaturno obmo\u010dje: +5\u00b0\/+15\u00b0C<\/li>\n<li>Hladilno sredstvo: R290<\/li>\n<li>Povezava: 230 V \/ 1010 W<\/li>\n<li>Dimenzije: 131 x 83,5 x 124 cm (\u0160xGxV)<\/li>\n<\/ul>\n<h3 class=\"desc-headings\">Prilo\u017eena oprema<\/h3>\n<ul>\n<li>2 steklene police<\/li>\n<\/ul>\n","protected":false},"excerpt":{"rendered":"<p>Temperaturno obmo\u010dje: +5\u00b0\/+15\u00b0C<br \/>Povezovalna vrednost: 230 V \/ 1010 W<br \/>Dimenzije: 131 x 83,5 x 124 cm (\u0160xGxV)<\/p>\n","protected":false},"featured_media":82587,"comment_status":"open","ping_status":"closed","template":"","meta":{"_acf_changed":false},"product_brand":[],"product_cat":[34],"product_tag":[],"class_list":{"0":"post-82558","1":"product","2":"type-product","3":"status-publish","4":"has-post-thumbnail","6":"product_cat-hladilne-vitrine","8":"first","9":"instock","10":"shipping-taxable","11":"purchasable","12":"product-type-simple"},"acf":[],"_links":{"self":[{"href":"https:\/\/go-st.vizia.si\/index.php?rest_route=\/wp\/v2\/product\/82558","targetHints":{"allow":["GET"]}}],"collection":[{"href":"https:\/\/go-st.vizia.si\/index.php?rest_route=\/wp\/v2\/product"}],"about":[{"href":"https:\/\/go-st.vizia.si\/index.php?rest_route=\/wp\/v2\/types\/product"}],"replies":[{"embeddable":true,"href":"https:\/\/go-st.vizia.si\/index.php?rest_route=%2Fwp%2Fv2%2Fcomments&post=82558"}],"wp:featuredmedia":[{"embeddable":true,"href":"https:\/\/go-st.vizia.si\/index.php?rest_route=\/wp\/v2\/media\/82587"}],"wp:attachment":[{"href":"https:\/\/go-st.vizia.si\/index.php?rest_route=%2Fwp%2Fv2%2Fmedia&parent=82558"}],"wp:term":[{"taxonomy":"product_brand","embeddable":true,"href":"https:\/\/go-st.vizia.si\/index.php?rest_route=%2Fwp%2Fv2%2Fproduct_brand&post=82558"},{"taxonomy":"product_cat","embeddable":true,"href":"https:\/\/go-st.vizia.si\/index.php?rest_route=%2Fwp%2Fv2%2Fproduct_cat&post=82558"},{"taxonomy":"product_tag","embeddable":true,"href":"https:\/\/go-st.vizia.si\/index.php?rest_route=%2Fwp%2Fv2%2Fproduct_tag&post=82558"}],"curies":[{"name":"wp","href":"https:\/\/api.w.org\/{rel}","templated":true}]}}