{"id":82630,"date":"2026-01-29T18:02:57","date_gmt":"2026-01-29T18:02:57","guid":{"rendered":"https:\/\/go-st.vizia.si\/?post_type=product&#038;p=82630"},"modified":"2026-02-12T09:43:01","modified_gmt":"2026-02-12T09:43:01","slug":"hladilna-vitrina-brava-13","status":"publish","type":"product","link":"https:\/\/go-st.vizia.si\/?product=hladilna-vitrina-brava-13","title":{"rendered":"Hladilna vitrina, BRAVA 13"},"content":{"rendered":"<p><strong>Osve\u017eujo\u010d in okusen sladoled<\/strong><span> privla\u010dno in mamljivo predstavljen.\u00a0<\/span><strong>Moderne in stilne<\/strong><span> so <\/span><strong>vitrine za sladoled MAYWAY,<\/strong><span> izdelane v podjetju COF Italy, ki s svojim modernim dizajnom pritegnejo poglede na vsakem <\/span><strong>sladolednem pultu<\/strong><span>. Preudarna zasnova, notranja LED-razsvetljava in panoramsko steklo vitrine za sladoled jo naredijo za pravo pa\u0161o za o\u010di v va\u0161i izlo\u017ebi. Mo\u010dno hlajenje, opremljeno z najsodobnej\u0161o tehnologijo in <\/span><strong>visokokakovostnimi komponentami<\/strong><span>, ohranja sladoled na konstantni temperaturi.<\/span><\/p>\n<h3 class=\"desc-headings\">Poudarki<\/h3>\n<ul>\n<li><strong>Ohi\u0161je:<\/strong> serijska sprednja okrasna letev, stranski deli v sivi barvi<\/li>\n<li><strong>Notranjost:<\/strong> bela jeklena plo\u010devina s pra\u0161nim premazom<\/li>\n<li><strong>Stran za upravljanje:<\/strong> z no\u010dno roleto<\/li>\n<li><strong>Sprednje steklo:<\/strong> ukrivljeno, iz varnostnega stekla<\/li>\n<li><strong>Predal za shranjevanje:<\/strong> z vrati, ni mogo\u010de lo\u010deno nastavljati<\/li>\n<li><strong>Upravljanje:<\/strong> digitalni regulator<\/li>\n<li><strong>Prikaz temperature in stanja:<\/strong> LCD-zaslon<\/li>\n<li><strong>Osvetlitev:<\/strong> LED-notranja osvetlitev<\/li>\n<li><strong>Dvojna kolesa:<\/strong> 4 kolesa, 2 z zavoro<\/li>\n<li><strong>Hladilni sistem:<\/strong> Stati\u010dno hlajenje<\/li>\n<li><strong>Kondenzator:<\/strong> Podprt z ventilatorjem<\/li>\n<li><strong>Odtaljevanje z vro\u010dim plinom:<\/strong> Avtomatsko z izhlapevanjem odtaljene vode<\/li>\n<li><strong>Izolacija:<\/strong> 6 cm visokotla\u010dna brizgana iz FCKW-proste poliuretanske pene<\/li>\n<\/ul>\n<h3 class=\"desc-headings\">Informacije o izdelku<\/h3>\n<p><strong>Vsebina:<\/strong><\/p>\n<ul>\n<li>18 posod za led 26x15,7x17 cm<\/li>\n<li>ali 13 + 13 posod za led 36x16,5x12 cm<\/li>\n<li>Posode za led z vi\u0161ino 12 cm se lahko zlagajo ena na drugo<\/li>\n<\/ul>\n<p style=\"display: inline !important;\"><strong>V rezervnem predalu:<\/strong><\/p>\n<ul>\n<li>10 posod za led 26 x 15,7 x 17 cm<\/li>\n<li>ali 7 + 7 posod za led 36 x 16,5 x 12 cm<\/li>\n<li>Posode za led z vi\u0161ino 12 cm se lahko zlagajo ena na drugo<\/li>\n<\/ul>\n<h3 class=\"desc-headings\">Tehni\u010dne informacije<\/h3>\n<ul>\n<li>Temperaturno obmo\u010dje: -14\u00b0\/-16\u00b0C<\/li>\n<li>Hladilno sredstvo: R290, okolju prijazno, brez CFC<\/li>\n<li>Povezovalna vrednost: 230 V \/ 1240 W<\/li>\n<li>Razred energetske u\u010dinkovitosti: C<\/li>\n<li>Bruto prostornina: 660 l<\/li>\n<li>Neto prostornina: 237 l<\/li>\n<li>Dimenzije: 164,7 x 90,6 x 137,2 cm (\u0160xGxV)<\/li>\n<\/ul>\n<p><strong>Dodatne mo\u017enosti za dopla\u010dilo<\/strong><\/p>\n<ul>\n<li>Dekorativne letve razli\u010dnih vzorcev<\/li>\n<li>Posode za led<\/li>\n<li>Posoda za odmerjanje ledu<\/li>\n<\/ul>\n","protected":false},"excerpt":{"rendered":"<p>18 x 4,75 l posode za led<br \/>13 + 13 x 5 l posode za led v dvojni plasti<br \/>Dimenzije: 164,7 x 90,6 x 137,2 cm (\u0160xGxV)<br \/>Temperaturno obmo\u010dje: -16\u00b0\/-14\u00b0C<br \/>Povezava: 230 V \/ 1240 W<br \/>S predalom za shranjevanje<\/p>\n","protected":false},"featured_media":82679,"comment_status":"open","ping_status":"closed","template":"","meta":{"_acf_changed":false},"product_brand":[524],"product_cat":[34],"product_tag":[],"class_list":{"0":"post-82630","1":"product","2":"type-product","3":"status-publish","4":"has-post-thumbnail","6":"product_brand-cof","7":"product_cat-hladilne-vitrine","9":"first","10":"instock","11":"shipping-taxable","12":"purchasable","13":"product-type-simple"},"acf":[],"_links":{"self":[{"href":"https:\/\/go-st.vizia.si\/index.php?rest_route=\/wp\/v2\/product\/82630","targetHints":{"allow":["GET"]}}],"collection":[{"href":"https:\/\/go-st.vizia.si\/index.php?rest_route=\/wp\/v2\/product"}],"about":[{"href":"https:\/\/go-st.vizia.si\/index.php?rest_route=\/wp\/v2\/types\/product"}],"replies":[{"embeddable":true,"href":"https:\/\/go-st.vizia.si\/index.php?rest_route=%2Fwp%2Fv2%2Fcomments&post=82630"}],"wp:featuredmedia":[{"embeddable":true,"href":"https:\/\/go-st.vizia.si\/index.php?rest_route=\/wp\/v2\/media\/82679"}],"wp:attachment":[{"href":"https:\/\/go-st.vizia.si\/index.php?rest_route=%2Fwp%2Fv2%2Fmedia&parent=82630"}],"wp:term":[{"taxonomy":"product_brand","embeddable":true,"href":"https:\/\/go-st.vizia.si\/index.php?rest_route=%2Fwp%2Fv2%2Fproduct_brand&post=82630"},{"taxonomy":"product_cat","embeddable":true,"href":"https:\/\/go-st.vizia.si\/index.php?rest_route=%2Fwp%2Fv2%2Fproduct_cat&post=82630"},{"taxonomy":"product_tag","embeddable":true,"href":"https:\/\/go-st.vizia.si\/index.php?rest_route=%2Fwp%2Fv2%2Fproduct_tag&post=82630"}],"curies":[{"name":"wp","href":"https:\/\/api.w.org\/{rel}","templated":true}]}}