{"id":82640,"date":"2026-01-29T18:02:57","date_gmt":"2026-01-29T18:02:57","guid":{"rendered":"https:\/\/go-st.vizia.si\/?post_type=product&#038;p=82640"},"modified":"2026-02-12T09:43:02","modified_gmt":"2026-02-12T09:43:02","slug":"hladilna-vitrina-gaia-st-1212","status":"publish","type":"product","link":"https:\/\/go-st.vizia.si\/?product=hladilna-vitrina-gaia-st-1212","title":{"rendered":"Hladilna vitrina, GAIA ST 12+12"},"content":{"rendered":"<p>Osve\u017eujo\u010d in okusen sladoled, privla\u010dno in zapeljivo predstavljen. Sodobne in stilne <strong>vitrine za sladoled MAYWAY,<\/strong> izdelane v Italiji, so s svojim sodobnim dizajnom prava pa\u0161a za o\u010di na vsakem sladolednem pultu. Premi\u0161ljen dizajn, notranja LED-razsvetljava in panoramsko steklo vitrine za sladoled jo naredijo za pravo pa\u0161o za o\u010di v va\u0161i izlo\u017ebi. Mo\u010dno hlajenje, opremljeno z najsodobnej\u0161o tehnologijo in visokokakovostnimi komponentami, ohranja sladoled na konstantni temperaturi.<\/p>\n<h3 class=\"desc-headings\">Poudarki<\/h3>\n<ul>\n<li>Visokokakovosten hladilni sistem<\/li>\n<li>6 cm debela energijsko var\u010dna izolacija<\/li>\n<li>Razstavna povr\u0161ina iz nerjave\u010dega jekla<\/li>\n<li>Temperirano varnostno steklo na sprednji strani za popolno predstavitev izdelkov<\/li>\n<li>Dvojna temperatura za 2 razli\u010dna temperaturnega obmo\u010dja znotraj korita<\/li>\n<li>Notranja LED osvetlitev<\/li>\n<\/ul>\n<h3 class=\"desc-headings\">Informacije o izdelku<\/h3>\n<ul>\n<li>Sprednja plo\u0161\u010da in stranske stene sive barve<\/li>\n<li>Sprednje steklo se na strani stranke odpre navzdol<\/li>\n<li>No\u010dna roleta na strani upravljavca<\/li>\n<li>Elektronski nadzorni panel<\/li>\n<li>Kapaciteta: 12 +12 posod za led 36x16,5x12 cm <\/li>\n<li>Vsebina: 1300 l<\/li>\n<li>4 dvojna kolesa<\/li>\n<\/ul>\n<h3 class=\"desc-headings\">Tehni\u010dne informacije<\/h3>\n<ul>\n<li>avtomatsko odmrzovanje s toplim plinom<\/li>\n<li>hlajenje z zra\u010dnim pretokom<\/li>\n<li>pripravljen za priklop<\/li>\n<li>zra\u010dno hlajeni kondenzator<\/li>\n<li>optimalna zmogljivost hlajenja z 6 cm energijsko var\u010dno izolacijo<\/li>\n<li>hladilno sredstvo: R452a<\/li>\n<li>Temperaturno obmo\u010dje: -20\u00b0\/+2\u00b0C<\/li>\n<li>Povezovalna vrednost: 230 V \/ 2850 W<\/li>\n<li>Dimenzije: 218,3 x 104,8 x 130,6 cm (\u0160xGxV)<\/li>\n<\/ul>\n","protected":false},"excerpt":{"rendered":"<p>Kapaciteta: 12 +12 posod za led 5 l.<br \/>Temperaturno obmo\u010dje: -20\u00b0\/+2\u00b0C<br \/>Dimenzije: 218,3 x 104,8 x 130,6 cm (\u0160xGxV)<\/p>\n","protected":false},"featured_media":82697,"comment_status":"open","ping_status":"closed","template":"","meta":{"_acf_changed":false},"product_brand":[524],"product_cat":[34],"product_tag":[],"class_list":{"0":"post-82640","1":"product","2":"type-product","3":"status-publish","4":"has-post-thumbnail","6":"product_brand-cof","7":"product_cat-hladilne-vitrine","9":"first","10":"instock","11":"shipping-taxable","12":"purchasable","13":"product-type-simple"},"acf":[],"_links":{"self":[{"href":"https:\/\/go-st.vizia.si\/index.php?rest_route=\/wp\/v2\/product\/82640","targetHints":{"allow":["GET"]}}],"collection":[{"href":"https:\/\/go-st.vizia.si\/index.php?rest_route=\/wp\/v2\/product"}],"about":[{"href":"https:\/\/go-st.vizia.si\/index.php?rest_route=\/wp\/v2\/types\/product"}],"replies":[{"embeddable":true,"href":"https:\/\/go-st.vizia.si\/index.php?rest_route=%2Fwp%2Fv2%2Fcomments&post=82640"}],"wp:featuredmedia":[{"embeddable":true,"href":"https:\/\/go-st.vizia.si\/index.php?rest_route=\/wp\/v2\/media\/82697"}],"wp:attachment":[{"href":"https:\/\/go-st.vizia.si\/index.php?rest_route=%2Fwp%2Fv2%2Fmedia&parent=82640"}],"wp:term":[{"taxonomy":"product_brand","embeddable":true,"href":"https:\/\/go-st.vizia.si\/index.php?rest_route=%2Fwp%2Fv2%2Fproduct_brand&post=82640"},{"taxonomy":"product_cat","embeddable":true,"href":"https:\/\/go-st.vizia.si\/index.php?rest_route=%2Fwp%2Fv2%2Fproduct_cat&post=82640"},{"taxonomy":"product_tag","embeddable":true,"href":"https:\/\/go-st.vizia.si\/index.php?rest_route=%2Fwp%2Fv2%2Fproduct_tag&post=82640"}],"curies":[{"name":"wp","href":"https:\/\/api.w.org\/{rel}","templated":true}]}}