{"id":83988,"date":"2026-01-29T18:06:49","date_gmt":"2026-01-29T18:06:49","guid":{"rendered":"https:\/\/go-st.vizia.si\/?post_type=product&#038;p=83988"},"modified":"2026-02-12T09:48:20","modified_gmt":"2026-02-12T09:48:20","slug":"hladilna-vitrina-kt-110","status":"publish","type":"product","link":"https:\/\/go-st.vizia.si\/?product=hladilna-vitrina-kt-110","title":{"rendered":"Hladilna vitrina, KT-110"},"content":{"rendered":"<p><strong>Hladilne vitrine MAYWAY<\/strong> so odli\u010dne za hlajenje in predstavitev tort, peciva, desertov, prigrizkov in pija\u010d, zato zelo spodbujajo prodajo. <strong>Moderen dizajn<\/strong>, <strong>prostorna predstavitvena povr\u0161ina<\/strong> in <strong>dvojno steklo na vseh straneh<\/strong> omogo\u010dajo optimalno predstavitev va\u0161ih izdelkov. Preudarna notranja osvetlitev daje va\u0161im izdelkom \u0161e posebej apetiten videz in jih spremeni v posebne vrhunce. Va\u0161a hrana ostane dlje sve\u017ea zaradi <strong>u\u010dinkovitega sistema hlajenja z zra\u010dnim obtokom<\/strong>, ki je opremljen z visokokakovostnimi komponentami in zagotavlja enakomerno temperaturo v celotnem notranjem prostoru.<\/p>\n<h3 class=\"desc-headings\">Poudarki<\/h3>\n<ul>\n<li>dvojno steklo na vseh straneh<\/li>\n<li>Ukrivljeno sprednje steklo omogo\u010da optimalen pogled na izdelke<\/li>\n<li>Enostavno polnjenje s pomo\u010djo drsnih steklenih vrat na strani upravljavca<\/li>\n<li>Moderen dizajn <\/li>\n<li>LED notranja osvetlitev za privla\u010dno predstavitev<\/li>\n<\/ul>\n<h3 class=\"desc-headings\">Informacije o izdelku<\/h3>\n<ul>\n<li>iz nerjave\u010dega jekla<\/li>\n<li>1 re\u0161etka za shranjevanje<\/li>\n<li>digitalni prikaz temperature<\/li>\n<li>prostornina: 110 l<\/li>\n<li>enostavno \u010di\u0161\u010denje<\/li>\n<\/ul>\n<h3 class=\"desc-headings\">Tehni\u010dne informacije<\/h3>\n<ul>\n<li>Hlajenje z zra\u010dnim kro\u017eenjem<\/li>\n<li>Avtomatsko odmrzovanje<\/li>\n<li>Hladilno sredstvo: R600a<\/li>\n<li>Temperaturno obmo\u010dje: +6\u00b0\/+10\u00b0C<\/li>\n<li>Povezovalna vrednost: 230 V \/ 200 W<\/li>\n<li>Dimenzije: 75 x 77,5 x 61 cm (\u0160xGxV)<\/li>\n<\/ul>\n<h3 class=\"desc-headings\">Prilo\u017eena oprema<\/h3>\n<ul>\n<li>1 polica<\/li>\n<\/ul>\n","protected":false},"excerpt":{"rendered":"<p>Temperaturno obmo\u010dje: +6\u00b0\/+10\u00b0C<br \/>Povezovalna vrednost: 230 V \/ 300 W<br \/>Dimenzije: 75 x 77,5 x 61 cm (\u0160xGxV)<\/p>\n","protected":false},"featured_media":84027,"comment_status":"open","ping_status":"closed","template":"","meta":{"_acf_changed":false},"product_brand":[166],"product_cat":[37],"product_tag":[],"class_list":{"0":"post-83988","1":"product","2":"type-product","3":"status-publish","4":"has-post-thumbnail","6":"product_brand-mayway","7":"product_cat-namizne-hladilne-vitrine","9":"first","10":"instock","11":"shipping-taxable","12":"purchasable","13":"product-type-simple"},"acf":[],"_links":{"self":[{"href":"https:\/\/go-st.vizia.si\/index.php?rest_route=\/wp\/v2\/product\/83988","targetHints":{"allow":["GET"]}}],"collection":[{"href":"https:\/\/go-st.vizia.si\/index.php?rest_route=\/wp\/v2\/product"}],"about":[{"href":"https:\/\/go-st.vizia.si\/index.php?rest_route=\/wp\/v2\/types\/product"}],"replies":[{"embeddable":true,"href":"https:\/\/go-st.vizia.si\/index.php?rest_route=%2Fwp%2Fv2%2Fcomments&post=83988"}],"wp:featuredmedia":[{"embeddable":true,"href":"https:\/\/go-st.vizia.si\/index.php?rest_route=\/wp\/v2\/media\/84027"}],"wp:attachment":[{"href":"https:\/\/go-st.vizia.si\/index.php?rest_route=%2Fwp%2Fv2%2Fmedia&parent=83988"}],"wp:term":[{"taxonomy":"product_brand","embeddable":true,"href":"https:\/\/go-st.vizia.si\/index.php?rest_route=%2Fwp%2Fv2%2Fproduct_brand&post=83988"},{"taxonomy":"product_cat","embeddable":true,"href":"https:\/\/go-st.vizia.si\/index.php?rest_route=%2Fwp%2Fv2%2Fproduct_cat&post=83988"},{"taxonomy":"product_tag","embeddable":true,"href":"https:\/\/go-st.vizia.si\/index.php?rest_route=%2Fwp%2Fv2%2Fproduct_tag&post=83988"}],"curies":[{"name":"wp","href":"https:\/\/api.w.org\/{rel}","templated":true}]}}