{"id":84400,"date":"2026-01-29T18:07:54","date_gmt":"2026-01-29T18:07:54","guid":{"rendered":"https:\/\/go-st.vizia.si\/?post_type=product&#038;p=84400"},"modified":"2026-02-12T09:49:13","modified_gmt":"2026-02-12T09:49:13","slug":"odprta-stenska-omarica","status":"publish","type":"product","link":"https:\/\/go-st.vizia.si\/?product=odprta-stenska-omarica","title":{"rendered":"Odprta stenska omarica"},"content":{"rendered":"<p><strong>Stenske omare MAYWAY<\/strong> so izdelane iz <strong>visokokakovostnega nerjave\u010dega jekla<\/strong>, so stabilne in enostavne za vzdr\u017eevanje, zato so idealne za uporabo v okoljih z <strong>visokimi higienskimi zahtevami<\/strong>. Imajo vi\u0161insko nastavljivo <strong>okrepljeno polico<\/strong> in so na voljo v razli\u010dnih velikostih.\u00a0Omare z drsnimi vrati imajo dvojno steno in so opremljene z lahkotno drse\u010dimi nerjave\u010dimi le\u017eaji. Stenske omare je zelo enostavno namestiti s prilo\u017eenim sistemom vodil.<\/p>\n<h3 class=\"desc-headings\">Poudarki<\/h3>\n<ul>\n<li>Evropski kakovostni izdelek, proizveden v Italiji<\/li>\n<li>Izdelan iz visokokakovostnega nerjave\u010dega jekla AISI 430 debeline 1 mm<\/li>\n<li>\u0160katlasta struktura zagotavlja najve\u010djo stabilnost<\/li>\n<li>Medpolica je vi\u0161insko nastavljiva in dodatno oja\u010dena z omega profilom<\/li>\n<li>Izdelano v skladu z veljavnimi higienskimi smernicami EU<\/li>\n<\/ul>\n<h3 class=\"desc-headings\">Informacije o izdelku<\/h3>\n<ul>\n<li>Vklju\u010dno z vmesno polico<\/li>\n<li>Dimenzije: 100 x 40 x 66 cm (\u0160xGxV)<\/li>\n<\/ul>\n","protected":false},"excerpt":{"rendered":"<p>Vklju\u010dno z vmesno polico<br \/>Dimenzije: 100 x 40 x 66 cm (\u0160xGxV)<\/p>\n","protected":false},"featured_media":85277,"comment_status":"open","ping_status":"closed","template":"","meta":{"_acf_changed":false},"product_brand":[],"product_cat":[49],"product_tag":[],"class_list":{"0":"post-84400","1":"product","2":"type-product","3":"status-publish","4":"has-post-thumbnail","6":"product_cat-stenske-omarice","8":"first","9":"instock","10":"shipping-taxable","11":"purchasable","12":"product-type-variable"},"acf":[],"_links":{"self":[{"href":"https:\/\/go-st.vizia.si\/index.php?rest_route=\/wp\/v2\/product\/84400","targetHints":{"allow":["GET"]}}],"collection":[{"href":"https:\/\/go-st.vizia.si\/index.php?rest_route=\/wp\/v2\/product"}],"about":[{"href":"https:\/\/go-st.vizia.si\/index.php?rest_route=\/wp\/v2\/types\/product"}],"replies":[{"embeddable":true,"href":"https:\/\/go-st.vizia.si\/index.php?rest_route=%2Fwp%2Fv2%2Fcomments&post=84400"}],"wp:featuredmedia":[{"embeddable":true,"href":"https:\/\/go-st.vizia.si\/index.php?rest_route=\/wp\/v2\/media\/85277"}],"wp:attachment":[{"href":"https:\/\/go-st.vizia.si\/index.php?rest_route=%2Fwp%2Fv2%2Fmedia&parent=84400"}],"wp:term":[{"taxonomy":"product_brand","embeddable":true,"href":"https:\/\/go-st.vizia.si\/index.php?rest_route=%2Fwp%2Fv2%2Fproduct_brand&post=84400"},{"taxonomy":"product_cat","embeddable":true,"href":"https:\/\/go-st.vizia.si\/index.php?rest_route=%2Fwp%2Fv2%2Fproduct_cat&post=84400"},{"taxonomy":"product_tag","embeddable":true,"href":"https:\/\/go-st.vizia.si\/index.php?rest_route=%2Fwp%2Fv2%2Fproduct_tag&post=84400"}],"curies":[{"name":"wp","href":"https:\/\/api.w.org\/{rel}","templated":true}]}}