{"id":84545,"date":"2026-01-29T18:08:36","date_gmt":"2026-01-29T18:08:36","guid":{"rendered":"https:\/\/go-st.vizia.si\/?post_type=product&#038;p=84545"},"modified":"2026-04-28T14:22:15","modified_gmt":"2026-04-28T14:22:15","slug":"elektricna-friteza-ef-07-e","status":"publish","type":"product","link":"https:\/\/go-st.vizia.si\/?product=elektricna-friteza-ef-07-e","title":{"rendered":"ELEKTRI\u010cNA FRITEZA 8 lt., EF-07E (230V)"},"content":{"rendered":"<p><a href=\"https:\/\/www.youtube.com\/watch?v=8VoEk3gnbMk&amp;t=5s\" target=\"_blank\" rel=\"noopener\"><strong><span style=\"color: #99cc00;font-size: large\">Oglejte si video o izdelku<\/span><\/strong><\/a><\/p>\n<h3 class=\"desc-headings\">Poudarki<\/h3>\n<ul>\n<li>Robustna konstrukcija iz nerjave\u010dega jekla<\/li>\n<li>Hladna cona<\/li>\n<li>Za\u0161\u010dita pred pregrevanjem<\/li>\n<li>Enostavno \u010di\u0161\u010denje zaradi snemljivega grelca<\/li>\n<li>Kontrolna lu\u010dka za delovanje in gretje<\/li>\n<\/ul>\n<h3 class=\"desc-headings\">Informacije o izdelku<\/h3>\n<ul>\n<li>Stopenjska regulacija temperature<\/li>\n<li>Kapaciteta: 8 l<\/li>\n<li>Dimenzije ko\u0161are: 210 x 235 x 100 mm (\u0160xGxV)<\/li>\n<\/ul>\n<h3 class=\"desc-headings\">Tehni\u010dne informacije<\/h3>\n<ul>\n<li>Temperaturno obmo\u010dje: +50 \u00b0C\/+190 \u00b0C<\/li>\n<li>Elektri\u010dni priklju\u010dek: 230 V \/ 3 KW<\/li>\n<li>Dimenzije: 270 x 420 x 300 mm (\u0160xGxV)<\/li>\n<\/ul>\n","protected":false},"excerpt":{"rendered":"<p>Kapaciteta: 8 l.<br \/>\nMo\u010d: 3 kW<br \/>\nDimenzije: 270 x 420 x 300 mm (\u0160xGxV)<\/p>\n","protected":false},"featured_media":86475,"comment_status":"open","ping_status":"closed","template":"","meta":{"_acf_changed":false},"product_brand":[986],"product_cat":[3125],"product_tag":[],"class_list":{"0":"post-84545","1":"product","2":"type-product","3":"status-publish","4":"has-post-thumbnail","6":"product_brand-rm-gastro","7":"product_cat-friteze","8":"pa_prikljucek-elektrika","10":"first","11":"instock","12":"shipping-taxable","13":"purchasable","14":"product-type-simple"},"acf":[],"_links":{"self":[{"href":"https:\/\/go-st.vizia.si\/index.php?rest_route=\/wp\/v2\/product\/84545","targetHints":{"allow":["GET"]}}],"collection":[{"href":"https:\/\/go-st.vizia.si\/index.php?rest_route=\/wp\/v2\/product"}],"about":[{"href":"https:\/\/go-st.vizia.si\/index.php?rest_route=\/wp\/v2\/types\/product"}],"replies":[{"embeddable":true,"href":"https:\/\/go-st.vizia.si\/index.php?rest_route=%2Fwp%2Fv2%2Fcomments&post=84545"}],"wp:featuredmedia":[{"embeddable":true,"href":"https:\/\/go-st.vizia.si\/index.php?rest_route=\/wp\/v2\/media\/86475"}],"wp:attachment":[{"href":"https:\/\/go-st.vizia.si\/index.php?rest_route=%2Fwp%2Fv2%2Fmedia&parent=84545"}],"wp:term":[{"taxonomy":"product_brand","embeddable":true,"href":"https:\/\/go-st.vizia.si\/index.php?rest_route=%2Fwp%2Fv2%2Fproduct_brand&post=84545"},{"taxonomy":"product_cat","embeddable":true,"href":"https:\/\/go-st.vizia.si\/index.php?rest_route=%2Fwp%2Fv2%2Fproduct_cat&post=84545"},{"taxonomy":"product_tag","embeddable":true,"href":"https:\/\/go-st.vizia.si\/index.php?rest_route=%2Fwp%2Fv2%2Fproduct_tag&post=84545"}],"curies":[{"name":"wp","href":"https:\/\/api.w.org\/{rel}","templated":true}]}}

ELEKTRIČNA FRITEZA 8 lt., EF-07E (230V)

<p><a href="https://www.youtube.com/watch?v=8VoEk3gnbMk&amp;t=5s" target="_blank" rel="noopener"><strong><span style="color: #99cc00;font-size: large">Oglejte si video o izdelku</span></strong></a></p>
<h3 class="desc-headings">Poudarki</h3>
<ul>
<li>Robustna konstrukcija iz nerjavečega jekla</li>
<li>Hladna cona</li>
<li>Zaščita pred pregrevanjem</li>
<li>Enostavno čiščenje zaradi snemljivega grelca</li>
<li>Kontrolna lučka za delovanje in gretje</li>
</ul>
<h3 class="desc-headings">Informacije o izdelku</h3>
<ul>
<li>Stopenjska regulacija temperature</li>
<li>Kapaciteta: 8 l</li>
<li>Dimenzije košare: 210 x 235 x 100 mm (ŠxGxV)</li>
</ul>
<h3 class="desc-headings">Tehnične informacije</h3>
<ul>
<li>Temperaturno območje: +50 °C/+190 °C</li>
<li>Električni priključek: 230 V / 3 KW</li>
<li>Dimenzije: 270 x 420 x 300 mm (ŠxGxV)</li>
</ul>

<p>Kapaciteta: 8 l.<br />
Moč: 3 kW<br />
Dimenzije: 270 x 420 x 300 mm (ŠxGxV)</p>
