{"id":85601,"date":"2026-01-29T18:14:26","date_gmt":"2026-01-29T18:14:26","guid":{"rendered":"https:\/\/go-st.vizia.si\/?post_type=product&#038;p=85601"},"modified":"2026-02-26T08:36:52","modified_gmt":"2026-02-26T08:36:52","slug":"patrona-mte817rdigiflow","status":"publish","type":"product","link":"https:\/\/go-st.vizia.si\/?product=patrona-mte817rdigiflow","title":{"rendered":"Patrona MTEB17R+DIGIFLOW"},"content":{"rendered":"<p>Med razli\u010dnimi izdelki za \u010di\u0161\u010denje vode, ki so na voljo na trgu, je <strong>delna razsolitev<\/strong> zelo u\u010dinkovita metoda \u010di\u0161\u010denja vode.<br \/>Pri tem se ne odstranijo samo <strong>kalcijevi in magnezijevi spojini<\/strong>, ampak tudi <strong>vse druge soli<\/strong>, ki pu\u0161\u010dajo grde made\u017ee in obrobljenja na posodi ali povr\u0161inah aparatov.<br \/>SERIJA MTE je bila razvita za industrijske <strong>pomivalne stroje in kombinirane parne pe\u010dice<\/strong> s kapaciteto <strong>8.000 l ali 13.600 l (pri 10\u00b0 KH)<\/strong> in opremljena z <strong>vodomerom DigiFlow<\/strong>, zagotavlja <strong>dolgo \u017eivljenjsko dobo va\u0161ih naprav in popoln lesk vinskih kozarcev in jedilnega pribora<\/strong>.<br \/>Velika prednost delne razsoljevanja pred popolnim razsoljevanjem\/osmoznim postopkom je velika zmogljivost in ni\u017eji stro\u0161ki.<br \/>Z <strong>ve\u010dkratno mo\u017enostjo izvedbe regeneracijskega procesa<\/strong> na napravi za delno razsoljevanje <strong><a href=\"https:\/\/www.mayway.eu\/anschliessen-wechsel-teilentsalzungsanlage-mte\">(v postopku zamenjave MAYWAY)<\/a><\/strong> prihranite denar in hkrati varujete okolje.<\/p>\n<h3 class=\"desc-headings\">Poudarki<\/h3>\n<ul>\n<li>Posoda, kozarci in jedilni pribor so ble\u0161\u010de\u010de \u010disti, brez made\u017eev in brez sledi<\/li>\n<li>Namerno se prepre\u010dujejo apnen\u010daste obloge<\/li>\n<li>Zmanj\u0161ajo se izpadi strojev, stro\u0161ki servisiranja in popravil<\/li>\n<li>Varovanje okolja z do 60 % manj\u0161o porabo pomivalnega sredstva in sredstva za sijaj<\/li>\n<li>Var\u010devanje s stro\u0161ki in viri z MAYWAY-jevim postopkom zamenjave <a href=\"https:\/\/www.mayway.eu\/anschliessen-wechsel-teilentsalzungsanlage-mte\">(Ve\u010d informacij!)<\/a><\/li>\n<li>Enostavna namestitev, preprosta uporaba<\/li>\n<li>Quick-Connect, hitri zaporni ventil za vodo<\/li>\n<li>DigiFlow vodomer z zaslonom<\/li>\n<li>Vodomer z zvo\u010dnim alarmom<\/li>\n<li>Uporaben povsod, ni potrebna elektri\u010dna napetost<\/li>\n<\/ul>\n<h3 class=\"desc-headings\">Tehni\u010dne informacije<\/h3>\n<ul>\n<li>Kapaciteta: 8.000 l pri 10\u00b0KH<\/li>\n<li>Pretok: 0\u201315 l\/min<\/li>\n<li>Tla\u010dni razpon: 0,5\u20136 bar<\/li>\n<li>Temperatura dovoda vode: max. 40 \u00b0C<\/li>\n<li>Priklju\u010dek: 3\/4\"<\/li>\n<li>Koli\u010dina smole: 10 l<\/li>\n<li>Dimenzije: 21,4 x 54 cm (\u0160 x V)<\/li>\n<\/ul>\n<h3 class=\"desc-headings\">Prilo\u017eena oprema<\/h3>\n<ul>\n<li>Vodomer DigiFlow<\/li>\n<\/ul>\n","protected":false},"excerpt":{"rendered":"<p>Naprava za delno razsoljevanje<br \/>Kapaciteta: 8.000 l pri 10\u00b0KH<br \/>Dimenzije: 21,4 x 54 cm (\u0160xV)<\/p>\n","protected":false},"featured_media":85630,"comment_status":"open","ping_status":"closed","template":"","meta":{"_acf_changed":false},"product_brand":[],"product_cat":[56],"product_tag":[],"class_list":{"0":"post-85601","1":"product","2":"type-product","3":"status-publish","4":"has-post-thumbnail","6":"product_cat-mehcalne-naprave","8":"first","9":"instock","10":"shipping-taxable","11":"purchasable","12":"product-type-simple"},"acf":[],"_links":{"self":[{"href":"https:\/\/go-st.vizia.si\/index.php?rest_route=\/wp\/v2\/product\/85601","targetHints":{"allow":["GET"]}}],"collection":[{"href":"https:\/\/go-st.vizia.si\/index.php?rest_route=\/wp\/v2\/product"}],"about":[{"href":"https:\/\/go-st.vizia.si\/index.php?rest_route=\/wp\/v2\/types\/product"}],"replies":[{"embeddable":true,"href":"https:\/\/go-st.vizia.si\/index.php?rest_route=%2Fwp%2Fv2%2Fcomments&post=85601"}],"wp:featuredmedia":[{"embeddable":true,"href":"https:\/\/go-st.vizia.si\/index.php?rest_route=\/wp\/v2\/media\/85630"}],"wp:attachment":[{"href":"https:\/\/go-st.vizia.si\/index.php?rest_route=%2Fwp%2Fv2%2Fmedia&parent=85601"}],"wp:term":[{"taxonomy":"product_brand","embeddable":true,"href":"https:\/\/go-st.vizia.si\/index.php?rest_route=%2Fwp%2Fv2%2Fproduct_brand&post=85601"},{"taxonomy":"product_cat","embeddable":true,"href":"https:\/\/go-st.vizia.si\/index.php?rest_route=%2Fwp%2Fv2%2Fproduct_cat&post=85601"},{"taxonomy":"product_tag","embeddable":true,"href":"https:\/\/go-st.vizia.si\/index.php?rest_route=%2Fwp%2Fv2%2Fproduct_tag&post=85601"}],"curies":[{"name":"wp","href":"https:\/\/api.w.org\/{rel}","templated":true}]}}