{"id":85867,"date":"2026-01-29T18:15:13","date_gmt":"2026-01-29T18:15:13","guid":{"rendered":"https:\/\/go-st.vizia.si\/?post_type=product&#038;p=85867"},"modified":"2026-02-12T09:49:25","modified_gmt":"2026-02-12T09:49:25","slug":"vakuum-vrecke-hrapave-25x35","status":"publish","type":"product","link":"https:\/\/go-st.vizia.si\/?product=vakuum-vrecke-hrapave-25x35","title":{"rendered":"VAKUUM VRE\u010cKE, HRAPAVE 25X35"},"content":{"rendered":"<p><strong>MAYWAY vre\u010dke z zape\u010datenim robom in posebnim reliefom<\/strong> so idealne za <strong>zunanje vakuumske naprave<\/strong>, pa tudi za komorne vakuumske naprave. S tem se lahko hitro pokvarljiva <strong>hrana dlje ohrani<\/strong>. 90-milimetrske vre\u010dke so odli\u010dne tudi za zamrzovanje hrane.<\/p>\n<h3 class=\"desc-headings\">Poudarki<\/h3>\n<ul>\n<li>Proizvedeno v Italiji<\/li>\n<li>Debelina folije: 90 my, visoka odpornost proti prebijanju<\/li>\n<li>Material: PA20\/PE70, primeren za \u017eivila<\/li>\n<li>Zape\u010dateno na 3 straneh in enostransko reliefno tiskanje<\/li>\n<li>Podalj\u0161ana trajnost in privla\u010den videz izdelka<\/li>\n<li>Primerno za zamrzovanje \u017eivil<\/li>\n<li>Temperatura min.: -25 \u00b0C<\/li>\n<li>Temperatura max.: +70 \u00b0C za 2 uri ali +100 \u00b0C za 15 sekund<\/li>\n<\/ul>\n<h3 class=\"desc-headings\">Tehni\u010dne informacije<\/h3>\n<p>Velikost: 250 x 350 mm<br \/>3 strani zatesnjene in enostransko reliefno tiskanje<br \/>Debelina folije: 90 my<br \/>Material: PA20\/PE70 <br \/>Vsebina: 100 kosov<\/p>\n","protected":false},"excerpt":{"rendered":"<p>Velikost: 250 x 350 mm<br \/>Zape\u010dateni na 3 straneh in enostransko reliefni<br \/>Vsebina: 100 kosov<\/p>\n","protected":false},"featured_media":86331,"comment_status":"open","ping_status":"closed","template":"","meta":{"_acf_changed":false},"product_brand":[],"product_cat":[134],"product_tag":[],"class_list":{"0":"post-85867","1":"product","2":"type-product","3":"status-publish","4":"has-post-thumbnail","6":"product_cat-vrecke-za-vakumiranje","8":"first","9":"instock","10":"shipping-taxable","11":"purchasable","12":"product-type-simple"},"acf":[],"_links":{"self":[{"href":"https:\/\/go-st.vizia.si\/index.php?rest_route=\/wp\/v2\/product\/85867","targetHints":{"allow":["GET"]}}],"collection":[{"href":"https:\/\/go-st.vizia.si\/index.php?rest_route=\/wp\/v2\/product"}],"about":[{"href":"https:\/\/go-st.vizia.si\/index.php?rest_route=\/wp\/v2\/types\/product"}],"replies":[{"embeddable":true,"href":"https:\/\/go-st.vizia.si\/index.php?rest_route=%2Fwp%2Fv2%2Fcomments&post=85867"}],"wp:featuredmedia":[{"embeddable":true,"href":"https:\/\/go-st.vizia.si\/index.php?rest_route=\/wp\/v2\/media\/86331"}],"wp:attachment":[{"href":"https:\/\/go-st.vizia.si\/index.php?rest_route=%2Fwp%2Fv2%2Fmedia&parent=85867"}],"wp:term":[{"taxonomy":"product_brand","embeddable":true,"href":"https:\/\/go-st.vizia.si\/index.php?rest_route=%2Fwp%2Fv2%2Fproduct_brand&post=85867"},{"taxonomy":"product_cat","embeddable":true,"href":"https:\/\/go-st.vizia.si\/index.php?rest_route=%2Fwp%2Fv2%2Fproduct_cat&post=85867"},{"taxonomy":"product_tag","embeddable":true,"href":"https:\/\/go-st.vizia.si\/index.php?rest_route=%2Fwp%2Fv2%2Fproduct_tag&post=85867"}],"curies":[{"name":"wp","href":"https:\/\/api.w.org\/{rel}","templated":true}]}}