{"id":86097,"date":"2026-01-29T18:16:04","date_gmt":"2026-01-29T18:16:04","guid":{"rendered":"https:\/\/go-st.vizia.si\/?post_type=product&#038;p=86097"},"modified":"2026-02-12T09:49:00","modified_gmt":"2026-02-12T09:49:00","slug":"palicni-mesalnik-professional-mx20","status":"publish","type":"product","link":"https:\/\/go-st.vizia.si\/?product=palicni-mesalnik-professional-mx20","title":{"rendered":"Pali\u010dni me\u0161alnik Professional MX20"},"content":{"rendered":"<p><span><\/span><strong>Ro\u010dni me\u0161alnik FIMAR MX20<\/strong><span> je zmogljiv ro\u010dni me\u0161alnik, ki prepri\u010da s svojo vsestransko uporabnostjo. Optimalen za <\/span><strong>me\u0161anje, rezanje, drobljenje in me\u0161anje<\/strong><span> \u017eivil. Idealno za <\/span><strong>pripravo juh, pirejev, omak, majoneze, paradi\u017enikove ka\u0161e, pesta<\/strong><span> in \u0161e mnogo ve\u010d.<\/p>\n<h3 class=\"desc-headings\">Poudarki<\/h3>\n<ul>\n<li>Me\u0161alna palica iz nerjave\u010dega jekla AISI 304<\/li>\n<li>Vklju\u010dno z me\u0161alno palico dol\u017eine 25 cm<\/li>\n<li>Robustno ohi\u0161je motorja<\/li>\n<li>Ro\u010daj le\u017ei prijetno v roki<\/li>\n<li>Zra\u010dno hlajeni motor<\/li>\n<li>Fiksna hitrost<\/li>\n<\/ul>\n<h3 class=\"desc-headings\">Tehni\u010dne informacije<\/h3>\n<ul>\n<li>Hitrost: 14.000 vrt.\/min.<\/li>\n<li>Dol\u017eina me\u0161alnega droga: 25 cm<\/li>\n<li>Te\u017ea: pribl. 2 kg<\/li>\n<li>Priklju\u010dek: 230 V \/ 200 W<\/li>\n<li>Dimenzije: 10,7 x 7,2 x 50 cm (\u0160xGxV)<\/li>\n<\/ul>\n","protected":false},"excerpt":{"rendered":"<p>Dol\u017eina me\u0161alne palice: 250 mm<br \/><span>Najve\u010dja globina potopitve: 160 mm<br \/><\/span>Hitrost: 14.000 vrt.\/min.<br \/>Te\u017ea: pribl. 2 kg<br \/>Priklju\u010dek: 230 V \/ 200 W<br \/>Dimenzije: 10,7 x 7,2 x 50 cm (\u0160xGxV)<\/p>\n","protected":false},"featured_media":86127,"comment_status":"open","ping_status":"closed","template":"","meta":{"_acf_changed":false},"product_brand":[],"product_cat":[66],"product_tag":[],"class_list":{"0":"post-86097","1":"product","2":"type-product","3":"status-publish","4":"has-post-thumbnail","6":"product_cat-palicni-mesalniki","8":"first","9":"instock","10":"shipping-taxable","11":"purchasable","12":"product-type-simple"},"acf":[],"_links":{"self":[{"href":"https:\/\/go-st.vizia.si\/index.php?rest_route=\/wp\/v2\/product\/86097","targetHints":{"allow":["GET"]}}],"collection":[{"href":"https:\/\/go-st.vizia.si\/index.php?rest_route=\/wp\/v2\/product"}],"about":[{"href":"https:\/\/go-st.vizia.si\/index.php?rest_route=\/wp\/v2\/types\/product"}],"replies":[{"embeddable":true,"href":"https:\/\/go-st.vizia.si\/index.php?rest_route=%2Fwp%2Fv2%2Fcomments&post=86097"}],"wp:featuredmedia":[{"embeddable":true,"href":"https:\/\/go-st.vizia.si\/index.php?rest_route=\/wp\/v2\/media\/86127"}],"wp:attachment":[{"href":"https:\/\/go-st.vizia.si\/index.php?rest_route=%2Fwp%2Fv2%2Fmedia&parent=86097"}],"wp:term":[{"taxonomy":"product_brand","embeddable":true,"href":"https:\/\/go-st.vizia.si\/index.php?rest_route=%2Fwp%2Fv2%2Fproduct_brand&post=86097"},{"taxonomy":"product_cat","embeddable":true,"href":"https:\/\/go-st.vizia.si\/index.php?rest_route=%2Fwp%2Fv2%2Fproduct_cat&post=86097"},{"taxonomy":"product_tag","embeddable":true,"href":"https:\/\/go-st.vizia.si\/index.php?rest_route=%2Fwp%2Fv2%2Fproduct_tag&post=86097"}],"curies":[{"name":"wp","href":"https:\/\/api.w.org\/{rel}","templated":true}]}}