{"id":86147,"date":"2026-01-29T18:16:13","date_gmt":"2026-01-29T18:16:13","guid":{"rendered":"https:\/\/go-st.vizia.si\/?post_type=product&#038;p=86147"},"modified":"2026-02-12T09:48:39","modified_gmt":"2026-02-12T09:48:39","slug":"sekljalnik-bc3n","status":"publish","type":"product","link":"https:\/\/go-st.vizia.si\/?product=sekljalnik-bc3n","title":{"rendered":"Sekljalnik, BC3N"},"content":{"rendered":"<p>Okusne omake, \u010datniji, marinade z oljem, pestoji, namazi ali pa\u0161tete, pripravljeni hitro in enostavno. Rezalniki MAYWAY so idealni za sekljanje, rezanje, sesekljavanje, homogeniziranje ali me\u0161anje najrazli\u010dnej\u0161ih \u017eivil, kot so zeli\u0161\u010da, ore\u0161ki, sir, meso ali ribe. Vsi rezalniki so opremljeni z mo\u010dnim industrijskim motorjem, vzdr\u017eljivim pogonom in dvojnim no\u017eem iz nerjave\u010dega jekla. <\/p>\n<h3 class=\"desc-headings\">Poudarki<\/h3>\n<ul>\n<li>Vsestranska uporaba za drobljenje, rezanje, sekljanje, homogeniziranje ali me\u0161anje<\/li>\n<li>Zgornji pokrov iz prozornega polikarbonata<\/li>\n<li>3-litrska kapaciteta posode<\/li>\n<li>Varnostni mikro stikalo na pokrovu in posodi<\/li>\n<\/ul>\n<h3 class=\"desc-headings\">Informacije o izdelku<\/h3>\n<ul>\n<li>Hitrost: 730 vrt.\/min.<\/li>\n<li>Vsebina: 3 l.<\/li>\n<\/ul>\n<h3 class=\"desc-headings\">Tehni\u010dne informacije<\/h3>\n<ul>\n<li>Povezava: 230 V \/ 370 W<\/li>\n<li>Dimenzije: 32 x 40 x 32\/62 cm (\u0160xGxV)<\/li>\n<\/ul>\n<h3 class=\"desc-headings\">Prilo\u017eena oprema<\/h3>\n<ul>\n<li>1 no\u017e z 2 rezilnimi lopaticami<\/li>\n<\/ul>\n","protected":false},"excerpt":{"rendered":"<p>Kapaciteta: 3 l.<br \/>Priklju\u010dna mo\u010d: 230 V \/ 370 W<br \/>Dimenzije: 32 x 40 x 32\/62 cm (\u0160xGxV)<\/p>\n","protected":false},"featured_media":86177,"comment_status":"open","ping_status":"closed","template":"","meta":{"_acf_changed":false},"product_brand":[],"product_cat":[127],"product_tag":[],"class_list":{"0":"post-86147","1":"product","2":"type-product","3":"status-publish","4":"has-post-thumbnail","6":"product_cat-rezalniki-in-sekljalniki-sadja-in-zelenjave","8":"first","9":"instock","10":"shipping-taxable","11":"purchasable","12":"product-type-simple"},"acf":[],"_links":{"self":[{"href":"https:\/\/go-st.vizia.si\/index.php?rest_route=\/wp\/v2\/product\/86147","targetHints":{"allow":["GET"]}}],"collection":[{"href":"https:\/\/go-st.vizia.si\/index.php?rest_route=\/wp\/v2\/product"}],"about":[{"href":"https:\/\/go-st.vizia.si\/index.php?rest_route=\/wp\/v2\/types\/product"}],"replies":[{"embeddable":true,"href":"https:\/\/go-st.vizia.si\/index.php?rest_route=%2Fwp%2Fv2%2Fcomments&post=86147"}],"wp:featuredmedia":[{"embeddable":true,"href":"https:\/\/go-st.vizia.si\/index.php?rest_route=\/wp\/v2\/media\/86177"}],"wp:attachment":[{"href":"https:\/\/go-st.vizia.si\/index.php?rest_route=%2Fwp%2Fv2%2Fmedia&parent=86147"}],"wp:term":[{"taxonomy":"product_brand","embeddable":true,"href":"https:\/\/go-st.vizia.si\/index.php?rest_route=%2Fwp%2Fv2%2Fproduct_brand&post=86147"},{"taxonomy":"product_cat","embeddable":true,"href":"https:\/\/go-st.vizia.si\/index.php?rest_route=%2Fwp%2Fv2%2Fproduct_cat&post=86147"},{"taxonomy":"product_tag","embeddable":true,"href":"https:\/\/go-st.vizia.si\/index.php?rest_route=%2Fwp%2Fv2%2Fproduct_tag&post=86147"}],"curies":[{"name":"wp","href":"https:\/\/api.w.org\/{rel}","templated":true}]}}