{"id":86496,"date":"2026-01-29T18:17:13","date_gmt":"2026-01-29T18:17:13","guid":{"rendered":"https:\/\/go-st.vizia.si\/?post_type=product&#038;p=86496"},"modified":"2026-04-28T15:36:58","modified_gmt":"2026-04-28T15:36:58","slug":"indukcijska-ploscadvojna-mdkp-300","status":"publish","type":"product","link":"https:\/\/go-st.vizia.si\/?product=indukcijska-ploscadvojna-mdkp-300","title":{"rendered":"DVOJNA INDUKCIJSKA KUHALNA PLO\u0160\u010cA, MDKP-300"},"content":{"rendered":"<p>MAYWAY dvojna indukcijska kuhalna plo\u0161\u010da<strong> MDKP-300<\/strong> je primerna za hitro kuhanje v majhnih kuhinjah.<\/p>\n<h3 class=\"desc-headings\">Poudarki<\/h3>\n<ul>\n<li>Ohi\u0161je z okvirjem iz nerjave\u010dega jekla<\/li>\n<li>Dvojna steklokerami\u010dna kuhalna plo\u0161\u010da, lo\u010deno nastavljiva<\/li>\n<li>Za posode od premera 12 cm do 26 cm<\/li>\n<li>Upravljanje prek Sense Control Touch z LCD-zaslonom<\/li>\n<li>Nadzor temperature, \u010dasovnik in za\u0161\u010dita pred pregrevanjem<\/li>\n<\/ul>\n<h3 class=\"desc-headings\">Tehni\u010dne informacije<\/h3>\n<ul>\n<li>Elektri\u010dni priklju\u010dek: 230 V \/ 3500 W<\/li>\n<li>Dimenzije: 610 x 370 x 61 mm (\u0160xGxV)<\/li>\n<\/ul>\n","protected":false},"excerpt":{"rendered":"<p>Dvojna indukcijska kuhalna plo\u0161\u010da<br \/>\nMo\u010d: 3500 W<br \/>\nDimenzije: 610 x 370 x 61 mm (\u0160xGxV)<\/p>\n","protected":false},"featured_media":86525,"comment_status":"open","ping_status":"closed","template":"","meta":{"_acf_changed":false},"product_brand":[166],"product_cat":[3043],"product_tag":[],"class_list":{"0":"post-86496","1":"product","2":"type-product","3":"status-publish","4":"has-post-thumbnail","6":"product_brand-mayway","7":"product_cat-namizni-stedilniki","8":"pa_linija-globina-ostalo","9":"pa_prikljucek-elektrika","11":"first","12":"instock","13":"shipping-taxable","14":"purchasable","15":"product-type-simple"},"acf":[],"_links":{"self":[{"href":"https:\/\/go-st.vizia.si\/index.php?rest_route=\/wp\/v2\/product\/86496","targetHints":{"allow":["GET"]}}],"collection":[{"href":"https:\/\/go-st.vizia.si\/index.php?rest_route=\/wp\/v2\/product"}],"about":[{"href":"https:\/\/go-st.vizia.si\/index.php?rest_route=\/wp\/v2\/types\/product"}],"replies":[{"embeddable":true,"href":"https:\/\/go-st.vizia.si\/index.php?rest_route=%2Fwp%2Fv2%2Fcomments&post=86496"}],"wp:featuredmedia":[{"embeddable":true,"href":"https:\/\/go-st.vizia.si\/index.php?rest_route=\/wp\/v2\/media\/86525"}],"wp:attachment":[{"href":"https:\/\/go-st.vizia.si\/index.php?rest_route=%2Fwp%2Fv2%2Fmedia&parent=86496"}],"wp:term":[{"taxonomy":"product_brand","embeddable":true,"href":"https:\/\/go-st.vizia.si\/index.php?rest_route=%2Fwp%2Fv2%2Fproduct_brand&post=86496"},{"taxonomy":"product_cat","embeddable":true,"href":"https:\/\/go-st.vizia.si\/index.php?rest_route=%2Fwp%2Fv2%2Fproduct_cat&post=86496"},{"taxonomy":"product_tag","embeddable":true,"href":"https:\/\/go-st.vizia.si\/index.php?rest_route=%2Fwp%2Fv2%2Fproduct_tag&post=86496"}],"curies":[{"name":"wp","href":"https:\/\/api.w.org\/{rel}","templated":true}]}}