{"id":86566,"date":"2026-01-29T18:17:23","date_gmt":"2026-01-29T18:17:23","guid":{"rendered":"https:\/\/go-st.vizia.si\/?post_type=product&#038;p=86566"},"modified":"2026-05-04T09:12:47","modified_gmt":"2026-05-04T09:12:47","slug":"elektricna-prekucna-ponev-delta-br50-78etf-i","status":"publish","type":"product","link":"https:\/\/go-st.vizia.si\/?product=elektricna-prekucna-ponev-delta-br50-78etf-i","title":{"rendered":"ELEKTRI\u010cNA PREKUCNA PONEV 50L, DELTA 700, BR50-78ETF\/I"},"content":{"rendered":"<p>2 mm debela zgornja plo\u0161\u010da, <br \/>za\u0161\u010dita pred brizganjem vode IPX5, <br \/>ro\u010dno nagibanje, zmogljivost: 50 l, <br \/>nerjave\u010da posoda z dnom iz <br \/>nerjave\u010dega jekla, vklju\u010dno s pokrovom <br \/>priklju\u010dek: 400 V \/ 10,5 KW <br \/>Dimenzije: 80 x 70,5 x 90 cm (\u0160xGxV)<\/p><\/p>\n","protected":false},"excerpt":{"rendered":"<p>2 mm debela zgornja plo\u0161\u010da, za\u0161\u010dita pred brizganjem vode IPX5, ro\u010dno nagibanje, zmogljivost: 50 l, nerjave\u010da posoda z dnom iz nerjave\u010dega jekla, vklju\u010dno s pokrovom priklju\u010dek: 400 V \/ 10,5 KW Dimenzije: 80 x 70,5 x 90 cm (\u0160xGxV)<\/p>\n","protected":false},"featured_media":97418,"comment_status":"open","ping_status":"closed","template":"","meta":{"_acf_changed":false},"product_brand":[1444],"product_cat":[118],"product_tag":[],"class_list":{"0":"post-86566","1":"product","2":"type-product","3":"status-publish","4":"has-post-thumbnail","6":"product_brand-lotus","7":"product_cat-prekucne-ponve-termicna-oprema","8":"pa_linija-globina-2688","9":"pa_prikljucek-elektrika","11":"first","12":"instock","13":"shipping-taxable","14":"purchasable","15":"product-type-simple"},"acf":[],"_links":{"self":[{"href":"https:\/\/go-st.vizia.si\/index.php?rest_route=\/wp\/v2\/product\/86566","targetHints":{"allow":["GET"]}}],"collection":[{"href":"https:\/\/go-st.vizia.si\/index.php?rest_route=\/wp\/v2\/product"}],"about":[{"href":"https:\/\/go-st.vizia.si\/index.php?rest_route=\/wp\/v2\/types\/product"}],"replies":[{"embeddable":true,"href":"https:\/\/go-st.vizia.si\/index.php?rest_route=%2Fwp%2Fv2%2Fcomments&post=86566"}],"wp:featuredmedia":[{"embeddable":true,"href":"https:\/\/go-st.vizia.si\/index.php?rest_route=\/wp\/v2\/media\/97418"}],"wp:attachment":[{"href":"https:\/\/go-st.vizia.si\/index.php?rest_route=%2Fwp%2Fv2%2Fmedia&parent=86566"}],"wp:term":[{"taxonomy":"product_brand","embeddable":true,"href":"https:\/\/go-st.vizia.si\/index.php?rest_route=%2Fwp%2Fv2%2Fproduct_brand&post=86566"},{"taxonomy":"product_cat","embeddable":true,"href":"https:\/\/go-st.vizia.si\/index.php?rest_route=%2Fwp%2Fv2%2Fproduct_cat&post=86566"},{"taxonomy":"product_tag","embeddable":true,"href":"https:\/\/go-st.vizia.si\/index.php?rest_route=%2Fwp%2Fv2%2Fproduct_tag&post=86566"}],"curies":[{"name":"wp","href":"https:\/\/api.w.org\/{rel}","templated":true}]}}