{"id":86608,"date":"2026-01-29T18:17:37","date_gmt":"2026-01-29T18:17:37","guid":{"rendered":"https:\/\/go-st.vizia.si\/?post_type=product&#038;p=86608"},"modified":"2026-05-04T08:52:29","modified_gmt":"2026-05-04T08:52:29","slug":"salamander-hi-lite-sh20","status":"publish","type":"product","link":"https:\/\/go-st.vizia.si\/?product=salamander-hi-lite-sh20","title":{"rendered":"SALAMANDER HI LITE SH20"},"content":{"rendered":"<p>Nepogre\u0161ljiv v profesionalnih kuhinjah, saj je pravi kuharski mojster pri pogrevanju jedi, ohranjevanju toplih jedi, gratiniranju, dokon\u010danju hrane\u2026 V manj kot 20 sekundah dose\u017ee temperaturo 200\u00b0C. Grelec dimenzije 390 x 300mm. Enostavno \u010di\u0161\u010denje. Element za pritrditev na steno.<\/p>\n","protected":false},"excerpt":{"rendered":"<p>Nepogre\u0161ljiv v profesionalnih kuhinjah, saj je pravi kuharski mojster pri pogrevanju jedi, ohranjevanju toplih jedi, gratiniranju, dokon\u010danju hrane\u2026 V manj kot 20 sekundah dose\u017ee temperaturo 200\u00b0C. Grelec dimenzije 390 x 300mm. Enostavno \u010di\u0161\u010denje. Element za pritrditev na steno.<\/p>\n","protected":false},"featured_media":86638,"comment_status":"open","ping_status":"closed","template":"","meta":{"_acf_changed":false},"product_brand":[18],"product_cat":[126],"product_tag":[],"class_list":{"0":"post-86608","1":"product","2":"type-product","3":"status-publish","4":"has-post-thumbnail","6":"product_brand-giorik","7":"product_cat-salamandri","8":"pa_prikljucek-elektrika","10":"first","11":"instock","12":"shipping-taxable","13":"purchasable","14":"product-type-simple"},"acf":[],"_links":{"self":[{"href":"https:\/\/go-st.vizia.si\/index.php?rest_route=\/wp\/v2\/product\/86608","targetHints":{"allow":["GET"]}}],"collection":[{"href":"https:\/\/go-st.vizia.si\/index.php?rest_route=\/wp\/v2\/product"}],"about":[{"href":"https:\/\/go-st.vizia.si\/index.php?rest_route=\/wp\/v2\/types\/product"}],"replies":[{"embeddable":true,"href":"https:\/\/go-st.vizia.si\/index.php?rest_route=%2Fwp%2Fv2%2Fcomments&post=86608"}],"wp:featuredmedia":[{"embeddable":true,"href":"https:\/\/go-st.vizia.si\/index.php?rest_route=\/wp\/v2\/media\/86638"}],"wp:attachment":[{"href":"https:\/\/go-st.vizia.si\/index.php?rest_route=%2Fwp%2Fv2%2Fmedia&parent=86608"}],"wp:term":[{"taxonomy":"product_brand","embeddable":true,"href":"https:\/\/go-st.vizia.si\/index.php?rest_route=%2Fwp%2Fv2%2Fproduct_brand&post=86608"},{"taxonomy":"product_cat","embeddable":true,"href":"https:\/\/go-st.vizia.si\/index.php?rest_route=%2Fwp%2Fv2%2Fproduct_cat&post=86608"},{"taxonomy":"product_tag","embeddable":true,"href":"https:\/\/go-st.vizia.si\/index.php?rest_route=%2Fwp%2Fv2%2Fproduct_tag&post=86608"}],"curies":[{"name":"wp","href":"https:\/\/api.w.org\/{rel}","templated":true}]}}