{"id":87624,"date":"2026-02-05T17:32:29","date_gmt":"2026-02-05T17:32:29","guid":{"rendered":"https:\/\/go-st.vizia.si\/?product=6115"},"modified":"2026-02-12T15:11:27","modified_gmt":"2026-02-12T15:11:27","slug":"6115","status":"publish","type":"product","link":"https:\/\/go-st.vizia.si\/?product=6115","title":{"rendered":"6115"},"content":{"rendered":"<ul>\n<li><strong>Prenosni lupilec krompirja<\/strong><\/li>\n<li>Olupi <strong>7-9 kg<\/strong> krompirja v 1 do 3 minutah<\/li>\n<li>Motor z mo\u010djo 1\/3 KM in ro\u010dno ponastavitvijo termi\u010dne za\u0161\u010dite pred preobremenitvijo<\/li>\n<li>Ohi\u0161je iz nerjave\u010dega jekla s satenasto povr\u0161ino<\/li>\n<li>4-minutni \u010dasovnik<\/li>\n<li>Odstranljiva obloga iz lexana NSF<\/li>\n<li>Pogonska gred iz nerjave\u010dega jekla<\/li>\n<li>Odstranljiva vrata lijaka z zaklepom odmi\u010dne gredi<\/li>\n<\/ul>\n","protected":false},"excerpt":{"rendered":"<p>Prenosni lupilec krompirja, olupi 7-9 kilogramov krompirja v 1 do 3 minutah<\/p>\n","protected":false},"featured_media":87499,"comment_status":"closed","ping_status":"closed","template":"","meta":{"_acf_changed":false},"product_brand":[985],"product_cat":[65],"product_tag":[],"class_list":{"0":"post-87624","1":"product","2":"type-product","3":"status-publish","4":"has-post-thumbnail","6":"product_brand-hobart","7":"product_cat-lupilci-krompirja","9":"first","10":"outofstock","11":"shipping-taxable","12":"purchasable","13":"product-type-simple"},"acf":[],"_links":{"self":[{"href":"https:\/\/go-st.vizia.si\/index.php?rest_route=\/wp\/v2\/product\/87624","targetHints":{"allow":["GET"]}}],"collection":[{"href":"https:\/\/go-st.vizia.si\/index.php?rest_route=\/wp\/v2\/product"}],"about":[{"href":"https:\/\/go-st.vizia.si\/index.php?rest_route=\/wp\/v2\/types\/product"}],"replies":[{"embeddable":true,"href":"https:\/\/go-st.vizia.si\/index.php?rest_route=%2Fwp%2Fv2%2Fcomments&post=87624"}],"wp:featuredmedia":[{"embeddable":true,"href":"https:\/\/go-st.vizia.si\/index.php?rest_route=\/wp\/v2\/media\/87499"}],"wp:attachment":[{"href":"https:\/\/go-st.vizia.si\/index.php?rest_route=%2Fwp%2Fv2%2Fmedia&parent=87624"}],"wp:term":[{"taxonomy":"product_brand","embeddable":true,"href":"https:\/\/go-st.vizia.si\/index.php?rest_route=%2Fwp%2Fv2%2Fproduct_brand&post=87624"},{"taxonomy":"product_cat","embeddable":true,"href":"https:\/\/go-st.vizia.si\/index.php?rest_route=%2Fwp%2Fv2%2Fproduct_cat&post=87624"},{"taxonomy":"product_tag","embeddable":true,"href":"https:\/\/go-st.vizia.si\/index.php?rest_route=%2Fwp%2Fv2%2Fproduct_tag&post=87624"}],"curies":[{"name":"wp","href":"https:\/\/api.w.org\/{rel}","templated":true}]}}