{"id":87843,"date":"2026-02-05T17:47:16","date_gmt":"2026-02-05T17:47:16","guid":{"rendered":"https:\/\/go-st.vizia.si\/?post_type=product&#038;p=87843"},"modified":"2026-02-12T15:11:31","modified_gmt":"2026-02-12T15:11:31","slug":"profi-amxx","status":"publish","type":"product","link":"https:\/\/go-st.vizia.si\/?product=profi-amxx","title":{"rendered":"PROFI AMXX"},"content":{"rendered":"<ul>\n<li>Pomivalni stroj s pokrovom za pomivanje v kotu ali z neposrednim pretokom vode<\/li>\n<li>Nazivna zmogljivost do 70 ko\u0161ar\/h ali 1260 kro\u017enikov\/h ali 2520 kozarcev\/h<\/li>\n<li>7 avtomatskih ciklov: kratki, standardni, intenzivni, neprekinjeni, osnovno \u010di\u0161\u010denje, E-save in higiena<\/li>\n<li>Ve\u010dstopenjski na\u010din delovanja: mo\u010d oja\u010devalnika se lahko zmanj\u0161a z 12,2 kW na 6,1 kW, \u010de je priklju\u010den na vro\u010do vodo<\/li>\n<li>Toplotno in hrupno izolirana napa<\/li>\n<li>Senzor umazanije v cedilu<\/li>\n<li>Ve\u010dstopenjski program samo\u010di\u0161\u010denja<\/li>\n<li>USB vmesnik za udoben prenos obratovalnih podatkov<\/li>\n<li>Vgrajen WiFi modul<\/li>\n<li>Pripravljen za namestitev - popolnoma opremljen: cev za polnjenje\/odtok, elektri\u010dni kabel, dozator detergenta, dozator sredstva za lesk, \u010drpalka za izpiranje, \u010drpalka za odtok, protipovratni ventil<\/li>\n<li>Rezervoar, okvir, roke za pomivanje\/izpiranje in plo\u0161\u010de so iz nerjave\u010dega jekla 14301<\/li>\n<li>2 ko\u0161ari za kro\u017enike P-18-12<\/li>\n<li>1 univerzalna ravna re\u0161etka B-00-07<\/li>\n<li>1 plasti\u010dna re\u0161etka za jedilni pribor CB8<\/li>\n<\/ul>\n","protected":false},"excerpt":{"rendered":"<p>Model PROFI za pomivanje mo\u010dno umazane posode v hitrih ciklih. Pomivalni stroj AMXX s pokrovom je idealen za visoko obremenitev v restavracijah in gostinskih obratih.<\/p>\n","protected":false},"featured_media":87530,"comment_status":"closed","ping_status":"closed","template":"","meta":{"_acf_changed":false},"product_brand":[985],"product_cat":[87],"product_tag":[],"class_list":{"0":"post-87843","1":"product","2":"type-product","3":"status-publish","4":"has-post-thumbnail","6":"product_brand-hobart","7":"product_cat-haubni-pomivalni-stroji","9":"first","10":"outofstock","11":"shipping-taxable","12":"purchasable","13":"product-type-variable"},"acf":[],"_links":{"self":[{"href":"https:\/\/go-st.vizia.si\/index.php?rest_route=\/wp\/v2\/product\/87843","targetHints":{"allow":["GET"]}}],"collection":[{"href":"https:\/\/go-st.vizia.si\/index.php?rest_route=\/wp\/v2\/product"}],"about":[{"href":"https:\/\/go-st.vizia.si\/index.php?rest_route=\/wp\/v2\/types\/product"}],"replies":[{"embeddable":true,"href":"https:\/\/go-st.vizia.si\/index.php?rest_route=%2Fwp%2Fv2%2Fcomments&post=87843"}],"wp:featuredmedia":[{"embeddable":true,"href":"https:\/\/go-st.vizia.si\/index.php?rest_route=\/wp\/v2\/media\/87530"}],"wp:attachment":[{"href":"https:\/\/go-st.vizia.si\/index.php?rest_route=%2Fwp%2Fv2%2Fmedia&parent=87843"}],"wp:term":[{"taxonomy":"product_brand","embeddable":true,"href":"https:\/\/go-st.vizia.si\/index.php?rest_route=%2Fwp%2Fv2%2Fproduct_brand&post=87843"},{"taxonomy":"product_cat","embeddable":true,"href":"https:\/\/go-st.vizia.si\/index.php?rest_route=%2Fwp%2Fv2%2Fproduct_cat&post=87843"},{"taxonomy":"product_tag","embeddable":true,"href":"https:\/\/go-st.vizia.si\/index.php?rest_route=%2Fwp%2Fv2%2Fproduct_tag&post=87843"}],"curies":[{"name":"wp","href":"https:\/\/api.w.org\/{rel}","templated":true}]}}