{"id":87845,"date":"2026-02-05T17:47:16","date_gmt":"2026-02-05T17:47:16","guid":{"rendered":"https:\/\/go-st.vizia.si\/?post_type=product&#038;p=87845"},"modified":"2026-02-12T15:11:31","modified_gmt":"2026-02-12T15:11:31","slug":"premax-aup","status":"publish","type":"product","link":"https:\/\/go-st.vizia.si\/?product=premax-aup","title":{"rendered":"PREMAX AUP"},"content":{"rendered":"<ul>\n<li>Pomivalni stroj s pokrovom in mo\u017enostjo preklopa pod visokim tlakom za pomivanje skozi posode ali v kotu<\/li>\n<li>Nazivna zmogljivost do 70 ko\u0161ar\/h ali 1260 kro\u017enikov\/h ali 2520 kozarcev\/h<\/li>\n<li>9 avtomatskih ciklov: kratki, standardni, intenzivni, eko, neprekinjeni, jedilni pribor, osnovno \u010di\u0161\u010denje, E-save in higiena<\/li>\n<li>Ve\u010dstopenjski program: mo\u010d oja\u010devalnika se lahko zmanj\u0161a z 12,2 kW na 6,1 kW, \u010de je priklju\u010den na vro\u010do vodo<\/li>\n<li>Toplotno in hrupno izolirana napa<\/li>\n<li>Senzor umazanije cedila<\/li>\n<li>Ve\u010dstopenjski program samo\u010di\u0161\u010denja<\/li>\n<li>USB vmesnik za udoben prenos operativnih podatkov<\/li>\n<li>Vgrajen modul Wi-Fi<\/li>\n<li>Pripravljen za namestitev - popolnoma opremljen: cev za polnjenje\/odtok, elektri\u010dni kabel, dozator detergenta, dozator sredstva za lesk, \u010drpalka za izpiranje, \u010drpalka za odtok, prepre\u010devalnik povratnega toka<\/li>\n<li>Rezervoar, okvir, roke za pomivanje\/izpiranje in plo\u0161\u010de so iz nerjave\u010dega jekla 1.4301<\/li>\n<li>2 ko\u0161ari za kro\u017enike P-18-12<\/li>\n<li>1 univerzalna ravna ko\u0161ara B-00-07<\/li>\n<li>1 plasti\u010dna ko\u0161ara za jedilni pribor CB8<\/li>\n<\/ul>\n","protected":false},"excerpt":{"rendered":"<p>Vrhunski model za zelo zahtevne standarde glede rezultatov pomivanja in ekonomi\u010dnosti. Samodejno odstranjevanje umazanije ASR ga naredi zelo primernega za zelo visoko stopnjo izkori\u0161\u010denosti in stopnje umazanije.<\/p>\n","protected":false},"featured_media":87539,"comment_status":"closed","ping_status":"closed","template":"","meta":{"_acf_changed":false},"product_brand":[985],"product_cat":[87],"product_tag":[],"class_list":{"0":"post-87845","1":"product","2":"type-product","3":"status-publish","4":"has-post-thumbnail","6":"product_brand-hobart","7":"product_cat-haubni-pomivalni-stroji","9":"first","10":"outofstock","11":"shipping-taxable","12":"purchasable","13":"product-type-variable"},"acf":[],"_links":{"self":[{"href":"https:\/\/go-st.vizia.si\/index.php?rest_route=\/wp\/v2\/product\/87845","targetHints":{"allow":["GET"]}}],"collection":[{"href":"https:\/\/go-st.vizia.si\/index.php?rest_route=\/wp\/v2\/product"}],"about":[{"href":"https:\/\/go-st.vizia.si\/index.php?rest_route=\/wp\/v2\/types\/product"}],"replies":[{"embeddable":true,"href":"https:\/\/go-st.vizia.si\/index.php?rest_route=%2Fwp%2Fv2%2Fcomments&post=87845"}],"wp:featuredmedia":[{"embeddable":true,"href":"https:\/\/go-st.vizia.si\/index.php?rest_route=\/wp\/v2\/media\/87539"}],"wp:attachment":[{"href":"https:\/\/go-st.vizia.si\/index.php?rest_route=%2Fwp%2Fv2%2Fmedia&parent=87845"}],"wp:term":[{"taxonomy":"product_brand","embeddable":true,"href":"https:\/\/go-st.vizia.si\/index.php?rest_route=%2Fwp%2Fv2%2Fproduct_brand&post=87845"},{"taxonomy":"product_cat","embeddable":true,"href":"https:\/\/go-st.vizia.si\/index.php?rest_route=%2Fwp%2Fv2%2Fproduct_cat&post=87845"},{"taxonomy":"product_tag","embeddable":true,"href":"https:\/\/go-st.vizia.si\/index.php?rest_route=%2Fwp%2Fv2%2Fproduct_tag&post=87845"}],"curies":[{"name":"wp","href":"https:\/\/api.w.org\/{rel}","templated":true}]}}