{"id":87946,"date":"2026-02-05T17:47:26","date_gmt":"2026-02-05T17:47:26","guid":{"rendered":"https:\/\/go-st.vizia.si\/?post_type=product&#038;p=87946"},"modified":"2026-02-12T15:11:33","modified_gmt":"2026-02-12T15:11:33","slug":"chefs-combi-61-3","status":"publish","type":"product","link":"https:\/\/go-st.vizia.si\/?product=chefs-combi-61-3","title":{"rendered":"CHEF\u2018S COMBI 61"},"content":{"rendered":"<ul>\n<li>CHEF'SCOMBI 6 GN, elektri\u010dno ali plinsko segrevanje<\/li>\n<li>6 x 1\/1 GN (razmik med dvema nivojema 83 mm)<\/li>\n<li>Razli\u010dni na\u010dini:<br \/>\u2013 Konvekcija: od 30 do 300 \u00b0C*<br \/>\u2013 Para: od 30 do 100 \u00b0C<br \/>\u2013 Vro\u010da para: od 101 \u00b0C do 130 \u00b0C<br \/>\u2013 Me\u0161ano: od 30 do 300 \u00b0C*<\/li>\n<li>Kapacitivni 10-pal\u010dni HD-zaslon na dotik, uporaben z rokavicami<\/li>\n<li>Najvi\u0161ja temperatura kuhanja 300 \u00b0C*<\/li>\n<li>Enakomerna porazdelitev energije v kuhalni komori s pomo\u010djo nadzorovanega sistema za porazdelitev zraka z obra\u010danjem ventilatorja<\/li>\n<li>Samodejni sistem \u010di\u0161\u010denja in nege, neodvisen od tlaka vode, za kuhalno komoro in parni generator<\/li>\n<li>Povezljivost prek Etherneta za stabilno in varno povezavo. Ethernet vmesnik<\/li>\n<li>Vgrajen USB-vmesnik za lokalno izmenjava podatkov.<\/li>\n<li>Vklju\u010dno s sondo za merjenje temperature jedra s tremi merilnimi to\u010dkami<\/li>\n<li>Vgrajena zlo\u017eljiva ro\u010dna prha in preklopna funkcija pr\u0161enja\/curka.<\/li>\n<li>Najve\u010dja vi\u0161ina ni vi\u0161ja od 1,6 m pri uporabi ustreznega stojala<\/li>\n<\/ul>\n<h3 class=\"desc-headings\">Zna\u010dilnosti izdelka<\/h3>\n<ul>\n<li><strong>Ve\u010dfunkcijska kuhinjska oprema vse v enem:<\/strong> konvekcija, kuhanje na pari, pe\u010denje, pe\u010denje na \u017earu, pe\u010denje v pe\u010dici, cvrtje na zraku, po\u0161iranje, du\u0161enje, kuhanje pri nizki temperaturi, odtajanje, regeneracija, zadr\u017eevanje<\/li>\n<li><strong>Napredne tehnologije kuhanja<\/strong>za vrhunske rezultate kuhanja. Z zmogljivimi grelnimi elementi, regulacijo klime z lambda senzorjem, visokozmogljivim razvla\u017eevanjem, nadzorovano enakomerno porazdelitvijo toplote in funkcijo vla\u017eenja<\/li>\n<li><strong>COMBI OS:<\/strong> Inovativen koncept upravljanja, ki temelji na upravljanju s pametnim telefonom, z visokozmogljivim procesorjem, ki deluje v ozadju. Zaradi tega je upravljanje intuitivno in zelo odzivno. Po \u017eelji je mogo\u010de uporabni\u0161ki vmesnik enostavno prilagoditi osebnim potrebam<\/li>\n<li><strong>COMBI CLIMATE CONTROL:<\/strong>Toplota se enakomerno in po potrebi mo\u010dno porazdeli v kuhalni komori, kar zagotavlja najbolj\u0161e rezultate kuhanja tudi pri polni obremenitvi. Sve\u017eo paro dovaja generator pare. Visokozmogljivo razvla\u017eevanje zagotavlja \u017eeleno hrustljavost.<\/li>\n<li><strong>AUTO CLIMATE<\/strong> po potrebi podpira uporabnika med ro\u010dnim kuhanjem. AutoClimate nastavi ustrezno temperaturo kuhanja glede na nastavljeno temperaturo v pe\u010dici.<\/li>\n<li><strong>COMBI GUIDE<\/strong> je preprost kuhinjski pomo\u010dnik za ponovljive rezultate kuhanja, ne glede na to, kdo je za krmilom. Uporabnik dolo\u010di, kako naj bo jed kuhana, COMBI GUIDE pa samodejno nastavi idealno temperaturo kuhanja. Zaznavanje koli\u010dine hrane izvede ustrezne prilagoditve. Po potrebi lahko uporabnik kadar koli posreduje.<\/li>\n<li><strong>MENU MIX<\/strong> spremlja vsako raven do sekunde natan\u010dno. Preprosto nalo\u017eite jed, nastavite \u010dasovnik in CHEF'S COMBI vas bo obvestil, kdaj je jed pripravljena. Po \u017eelji lahko MENU MIX poka\u017ee, katere jedi se podajo skupaj. Seveda pa je mogo\u010de tudi na\u010drtovati in shraniti me\u0161ane koli\u010dine hrane.<\/li>\n<li><strong>COMBI CARE<\/strong>: Samodejni sistem \u010di\u0161\u010denja z zaznavanjem umazanije in programi \u010di\u0161\u010denja, ki jih je mogo\u010de idealno prilagoditi stopnji umazanije. Uporaba trdnih \u010distilnih tablet in enostavnih negovalnih pal\u010dk\n<\/ul>\n","protected":false},"excerpt":{"rendered":"<p>Kapaciteta: 6 x 1\/1 GN\u0160tevilo obrokov na dan: 30 - 100Najve\u010dja skupna obremenitev: 30 kg<\/p>\n","protected":false},"featured_media":87799,"comment_status":"closed","ping_status":"closed","template":"","meta":{"_acf_changed":false},"product_brand":[985],"product_cat":[17],"product_tag":[],"class_list":{"0":"post-87946","1":"product","2":"type-product","3":"status-publish","4":"has-post-thumbnail","6":"product_brand-hobart","7":"product_cat-parno-konvekcijske-peci","9":"first","10":"instock","11":"shipping-taxable","12":"purchasable","13":"product-type-variable"},"acf":[],"_links":{"self":[{"href":"https:\/\/go-st.vizia.si\/index.php?rest_route=\/wp\/v2\/product\/87946","targetHints":{"allow":["GET"]}}],"collection":[{"href":"https:\/\/go-st.vizia.si\/index.php?rest_route=\/wp\/v2\/product"}],"about":[{"href":"https:\/\/go-st.vizia.si\/index.php?rest_route=\/wp\/v2\/types\/product"}],"replies":[{"embeddable":true,"href":"https:\/\/go-st.vizia.si\/index.php?rest_route=%2Fwp%2Fv2%2Fcomments&post=87946"}],"wp:featuredmedia":[{"embeddable":true,"href":"https:\/\/go-st.vizia.si\/index.php?rest_route=\/wp\/v2\/media\/87799"}],"wp:attachment":[{"href":"https:\/\/go-st.vizia.si\/index.php?rest_route=%2Fwp%2Fv2%2Fmedia&parent=87946"}],"wp:term":[{"taxonomy":"product_brand","embeddable":true,"href":"https:\/\/go-st.vizia.si\/index.php?rest_route=%2Fwp%2Fv2%2Fproduct_brand&post=87946"},{"taxonomy":"product_cat","embeddable":true,"href":"https:\/\/go-st.vizia.si\/index.php?rest_route=%2Fwp%2Fv2%2Fproduct_cat&post=87946"},{"taxonomy":"product_tag","embeddable":true,"href":"https:\/\/go-st.vizia.si\/index.php?rest_route=%2Fwp%2Fv2%2Fproduct_tag&post=87946"}],"curies":[{"name":"wp","href":"https:\/\/api.w.org\/{rel}","templated":true}]}}