{"id":87952,"date":"2026-02-05T17:47:26","date_gmt":"2026-02-05T17:47:26","guid":{"rendered":"https:\/\/go-st.vizia.si\/?post_type=product&#038;p=87952"},"modified":"2026-02-12T15:11:33","modified_gmt":"2026-02-12T15:11:33","slug":"hl662","status":"publish","type":"product","link":"https:\/\/go-st.vizia.si\/?product=hl662","title":{"rendered":"HL662"},"content":{"rendered":"<ul>\n<li>2-stopenjski menjalnik: 1. prestava 56 vrt\/min, 2. prestava 99 vrt\/min<\/li>\n<li>1 posoda (60 kvartov \/ 57 litrov), nerjave\u010de jeklo<\/li>\n<li>1 kavelj za testo \u201eED\u201c (Pizza hut), aluminijast<\/li>\n<\/ul>\n<h3 class=\"desc-headings\">Zna\u010dilnosti izdelka<\/h3>\n<ul>\n<li>Poseben me\u0161alnik za pico<\/li>\n<li>50-minutni \u010dasovnik SmartTimer\u2122<\/li>\n<li>Ergonomska posoda, ki se izvle\u010de<\/li>\n<li>Krmilniki Shift-on-the-Fly\u2122<\/li>\n<li>Enoto\u010dkovna namestitev posode<\/li>\n<li>Elektri\u010dni dvig posode<\/li>\n<li>Pritrdilno pesto \u0161t. 12<\/li>\n<li>Za\u0161\u010dita posode iz nerjave\u010dega jekla (CE)<\/li>\n<li>Gumirane podloge za noge<\/li>\n<li>Posoda iz nerjave\u010dega jekla s prostornino 57 litrov (60 kvartov)<\/li>\n<\/ul>\n","protected":false},"excerpt":{"rendered":"<p>Me\u0161alnik Legacy, talni model, prostornina 60 kvartov (57 litrov) (razli\u010dica za testo za pico)<\/p>\n","protected":false},"featured_media":87514,"comment_status":"closed","ping_status":"closed","template":"","meta":{"_acf_changed":false},"product_brand":[985],"product_cat":[72],"product_tag":[],"class_list":{"0":"post-87952","1":"product","2":"type-product","3":"status-publish","4":"has-post-thumbnail","6":"product_brand-hobart","7":"product_cat-planetarni-mesalci","9":"first","10":"outofstock","11":"shipping-taxable","12":"purchasable","13":"product-type-variable"},"acf":[],"_links":{"self":[{"href":"https:\/\/go-st.vizia.si\/index.php?rest_route=\/wp\/v2\/product\/87952","targetHints":{"allow":["GET"]}}],"collection":[{"href":"https:\/\/go-st.vizia.si\/index.php?rest_route=\/wp\/v2\/product"}],"about":[{"href":"https:\/\/go-st.vizia.si\/index.php?rest_route=\/wp\/v2\/types\/product"}],"replies":[{"embeddable":true,"href":"https:\/\/go-st.vizia.si\/index.php?rest_route=%2Fwp%2Fv2%2Fcomments&post=87952"}],"wp:featuredmedia":[{"embeddable":true,"href":"https:\/\/go-st.vizia.si\/index.php?rest_route=\/wp\/v2\/media\/87514"}],"wp:attachment":[{"href":"https:\/\/go-st.vizia.si\/index.php?rest_route=%2Fwp%2Fv2%2Fmedia&parent=87952"}],"wp:term":[{"taxonomy":"product_brand","embeddable":true,"href":"https:\/\/go-st.vizia.si\/index.php?rest_route=%2Fwp%2Fv2%2Fproduct_brand&post=87952"},{"taxonomy":"product_cat","embeddable":true,"href":"https:\/\/go-st.vizia.si\/index.php?rest_route=%2Fwp%2Fv2%2Fproduct_cat&post=87952"},{"taxonomy":"product_tag","embeddable":true,"href":"https:\/\/go-st.vizia.si\/index.php?rest_route=%2Fwp%2Fv2%2Fproduct_tag&post=87952"}],"curies":[{"name":"wp","href":"https:\/\/api.w.org\/{rel}","templated":true}]}}