{"id":95708,"date":"2026-02-20T10:23:51","date_gmt":"2026-02-20T10:23:51","guid":{"rendered":"https:\/\/go-st.vizia.si\/?product=stroj-za-pripravo-zelenjave-cl-20"},"modified":"2026-02-20T11:42:08","modified_gmt":"2026-02-20T11:42:08","slug":"stroj-za-pripravo-zelenjave-cl-20","status":"publish","type":"product","link":"https:\/\/go-st.vizia.si\/?product=stroj-za-pripravo-zelenjave-cl-20","title":{"rendered":"Stroj za pripravo zelenjave CL 20"},"content":{"rendered":"<h3 class=\"desc-headings\">Velik lijak<\/h3>\n<p>Velik lijak (povr\u0161ina 104 cm\u00b2), zasnovan za rezanje debele zelenjave, kot so zelje, \u010debula, solata in paradi\u017enik.<\/p>\n<h3 class=\"desc-headings\">Cilindri\u010dni lijak<\/h3>\n<p>Cilindri\u010dni lijak (\u00d8 58 mm) je namenjen dolgi in ob\u010dutljivi zelenjavi ter zagotavlja natan\u010den rez.<\/p>\n<h3 class=\"desc-headings\">Enostavna uporaba<\/h3>\n<p>Kompakten namizni model z majhnim odtisom, ki omogo\u010da \u0161iroko paleto rezov.<br \/> \u2022 Stranski izmet: Prihranek prostora.<br \/> \u2022 Opremljen z avtomatskim ponovnim zagonom z ro\u010dico za prihranek \u010dasa in ve\u010dje udobje.<\/p>\n<h3 class=\"desc-headings\">Zmogljiv motor<\/h3>\n<p>- Industrijski indukcijski motor za zahtevno uporabo zagotavlja vzdr\u017eljivost in zanesljivost.<br \/> - Motor zgrajen na krogli\u010dnih le\u017eajih za tiho delovanje brez vibracij<br \/> - Motor z neposrednim pogonom:<br \/> \u2022 Dodatna mo\u010d<br \/> \u2022 Brez jermenov<br \/> \u2022 Brez vzdr\u017eevanja<br \/> - Brez \u0161\u010detk<br \/> - Gred motorja iz nerjave\u010dega jekla<\/p>\n<h3 class=\"desc-headings\">Brezhibno glaziran rez<\/h3>\n<p>Celoten nabor 24 diskov iz nerjave\u010dega jekla z visoko preciznim ostrenjem za najkakovostnej\u0161e reze.<\/p>\n<h3 class=\"desc-headings\">Enostavno \u010di\u0161\u010denje<\/h3>\n<p>Pokrov in posoda iz kompozitnega materiala sta <strong>snemljiva.<\/strong><\/p>\n","protected":false},"excerpt":{"rendered":"<p>Kompakten namizni model, enostaven za \u010di\u0161\u010denje in shranjevanje \u2013 tudi v najmanj\u0161ih kuhinjah. Prihranite si doslednost in ure pri pripravi jedi: rezanje, ribanje, julienne in valovito rezanje.<\/p>\n","protected":false},"featured_media":94694,"comment_status":"closed","ping_status":"closed","template":"","meta":{"_acf_changed":false},"product_brand":[168],"product_cat":[127],"product_tag":[],"class_list":{"0":"post-95708","1":"product","2":"type-product","3":"status-publish","4":"has-post-thumbnail","6":"product_brand-robot-coupe","7":"product_cat-rezalniki-in-sekljalniki-sadja-in-zelenjave","9":"first","10":"instock","11":"shipping-taxable","12":"purchasable","13":"product-type-variable"},"acf":[],"_links":{"self":[{"href":"https:\/\/go-st.vizia.si\/index.php?rest_route=\/wp\/v2\/product\/95708","targetHints":{"allow":["GET"]}}],"collection":[{"href":"https:\/\/go-st.vizia.si\/index.php?rest_route=\/wp\/v2\/product"}],"about":[{"href":"https:\/\/go-st.vizia.si\/index.php?rest_route=\/wp\/v2\/types\/product"}],"replies":[{"embeddable":true,"href":"https:\/\/go-st.vizia.si\/index.php?rest_route=%2Fwp%2Fv2%2Fcomments&post=95708"}],"wp:featuredmedia":[{"embeddable":true,"href":"https:\/\/go-st.vizia.si\/index.php?rest_route=\/wp\/v2\/media\/94694"}],"wp:attachment":[{"href":"https:\/\/go-st.vizia.si\/index.php?rest_route=%2Fwp%2Fv2%2Fmedia&parent=95708"}],"wp:term":[{"taxonomy":"product_brand","embeddable":true,"href":"https:\/\/go-st.vizia.si\/index.php?rest_route=%2Fwp%2Fv2%2Fproduct_brand&post=95708"},{"taxonomy":"product_cat","embeddable":true,"href":"https:\/\/go-st.vizia.si\/index.php?rest_route=%2Fwp%2Fv2%2Fproduct_cat&post=95708"},{"taxonomy":"product_tag","embeddable":true,"href":"https:\/\/go-st.vizia.si\/index.php?rest_route=%2Fwp%2Fv2%2Fproduct_tag&post=95708"}],"curies":[{"name":"wp","href":"https:\/\/api.w.org\/{rel}","templated":true}]}}