{"id":95778,"date":"2026-02-20T10:24:28","date_gmt":"2026-02-20T10:24:28","guid":{"rendered":"https:\/\/go-st.vizia.si\/?product=avtomatski-sokovnik-j-80"},"modified":"2026-02-20T11:34:35","modified_gmt":"2026-02-20T11:34:35","slug":"avtomatski-sokovnik-j-80","status":"publish","type":"product","link":"https:\/\/go-st.vizia.si\/?product=avtomatski-sokovnik-j-80","title":{"rendered":"Avtomatski sokovnik J 80"},"content":{"rendered":"<h3 class=\"desc-headings\">Samodejni lijak za polnjenje<\/h3>\n<p>Ekskluzivni sistem samodejnega polnjevanja odpravlja potrebo po potiska\u010du. Sadje in zelenjava se predelata hitro in brez napora.<\/p>\n<h3 class=\"desc-headings\">Nerjave\u010de jeklo za vzdr\u017eljivost<\/h3>\n<p>Podno\u017eje motorja in posoda sta izdelana iz nerjave\u010dega jekla in zasnovana za enostavno \u010di\u0161\u010denje in dolgo \u017eivljenjsko dobo<\/p>\n<h3 class=\"desc-headings\">Brez segrevanja sestavin<\/h3>\n<p>- Vitamini, hranila in antioksidanti se ohranijo<br \/> - Brez segrevanja predelanih izdelkov<\/p>\n<h3 class=\"desc-headings\">Ko\u0161ara iz nerjave\u010dega jekla<\/h3>\n<p>Odstranljiva brez uporabe posebnega orodja.<\/p>\n<h3 class=\"desc-headings\">Velika posoda za pulpo<\/h3>\n<p>Pulpa se izvr\u017ee v 6,5-litrsko prosojno posodo.<\/p>\n<h3 class=\"desc-headings\">Zmogljiv in tih<\/h3>\n<p>Zahvaljujo\u010d nizki ravni hrupa 700 W motorja lahko na\u0161o enoto uporabljate tik pred stranko.<\/p>\n","protected":false},"excerpt":{"rendered":"<p>Na\u0161 avtomatski sokovnik J 80 je idealen za majhne kavarne, restavracije in bare, ki \u017eelijo svojemu jedilniku dodati kan\u010dek sve\u017eine \u2013 s ponudbo sadnih in zelenjavnih sokov. U\u010dinkovit, tih in s hitro donosnostjo nalo\u017ebe!<\/p>\n","protected":false},"featured_media":94955,"comment_status":"closed","ping_status":"closed","template":"","meta":{"_acf_changed":false},"product_brand":[168],"product_cat":[67],"product_tag":[],"class_list":{"0":"post-95778","1":"product","2":"type-product","3":"status-publish","4":"has-post-thumbnail","6":"product_brand-robot-coupe","7":"product_cat-sokovniki","9":"first","10":"instock","11":"shipping-taxable","12":"purchasable","13":"product-type-variable"},"acf":[],"_links":{"self":[{"href":"https:\/\/go-st.vizia.si\/index.php?rest_route=\/wp\/v2\/product\/95778","targetHints":{"allow":["GET"]}}],"collection":[{"href":"https:\/\/go-st.vizia.si\/index.php?rest_route=\/wp\/v2\/product"}],"about":[{"href":"https:\/\/go-st.vizia.si\/index.php?rest_route=\/wp\/v2\/types\/product"}],"replies":[{"embeddable":true,"href":"https:\/\/go-st.vizia.si\/index.php?rest_route=%2Fwp%2Fv2%2Fcomments&post=95778"}],"wp:featuredmedia":[{"embeddable":true,"href":"https:\/\/go-st.vizia.si\/index.php?rest_route=\/wp\/v2\/media\/94955"}],"wp:attachment":[{"href":"https:\/\/go-st.vizia.si\/index.php?rest_route=%2Fwp%2Fv2%2Fmedia&parent=95778"}],"wp:term":[{"taxonomy":"product_brand","embeddable":true,"href":"https:\/\/go-st.vizia.si\/index.php?rest_route=%2Fwp%2Fv2%2Fproduct_brand&post=95778"},{"taxonomy":"product_cat","embeddable":true,"href":"https:\/\/go-st.vizia.si\/index.php?rest_route=%2Fwp%2Fv2%2Fproduct_cat&post=95778"},{"taxonomy":"product_tag","embeddable":true,"href":"https:\/\/go-st.vizia.si\/index.php?rest_route=%2Fwp%2Fv2%2Fproduct_tag&post=95778"}],"curies":[{"name":"wp","href":"https:\/\/api.w.org\/{rel}","templated":true}]}}