{"id":96996,"date":"2026-02-27T14:07:12","date_gmt":"2026-02-27T14:07:12","guid":{"rendered":"https:\/\/go-st.vizia.si\/?product=zunanja-vakuumska-mizna-enota-iz-nerjavecega-jekla-easy-pro"},"modified":"2026-02-27T14:07:12","modified_gmt":"2026-02-27T14:07:12","slug":"zunanja-vakuumska-mizna-enota-iz-nerjavecega-jekla-easy-pro","status":"publish","type":"product","link":"https:\/\/go-st.vizia.si\/?product=zunanja-vakuumska-mizna-enota-iz-nerjavecega-jekla-easy-pro","title":{"rendered":"Zunanja vakuumska mizna enota iz nerjave\u010dega jekla Easy Pro"},"content":{"rendered":"<p>Zasnova<\/p>\n<ul>\n<li>Ohi\u0161je v celoti iz nerjave\u010dega jekla (Inox), <\/li>\n<li>Gumb za zapiranje za prekinitev vakuumiranja in takoj\u0161nje zapiranje, <\/li>\n<li>\u010cas zapiranja in \u010das vakuumiranja sta lo\u010deno nastavljiva, <\/li>\n<li>Dol\u017eina varilne letve: 350 mm<\/li>\n<li>\u0160tevilo varilnih letev: 1<\/li>\n<li>Zmogljivost \u010drpalke: 28 litrov\/minuto<\/li>\n<li>Najve\u010dja velikost vre\u010dke: 200 x 300 mm<\/li>\n<li>Mo\u010d: 300 W<\/li>\n<li>Elektri\u010dni priklju\u010dek: 230 V, 50\/60 Hz, dol\u017eina kabla 1,5 m<\/li>\n<li>Te\u017ea: 6,5 kg<\/li>\n<li>Zunanje dimenzije: 415 x 253 x 127 mm (\u0160 x G x V)<\/li>\n<\/ul>\n<p>Enostavno upravljanje. Tesnila in tesnilni trak je mogo\u010de zamenjati neodvisno. Z gumbom za tesnjenje prekinete postopek vakuumiranja in takoj\u0161nje tesnjenje. \u010cas tesnjenja in \u010das vakuumiranja sta nastavljiva lo\u010deno.<\/p>\n<\/p>\n<\/p>\n<p>-<\/p>\n","protected":false},"excerpt":{"rendered":"<p>Zahvaljujo\u010d ohi\u0161ju iz visokokakovostnega nerjave\u010dega jekla je vakuumski aparat easyPRO enako primeren za polprofesionalno uporabo kot za uporabo v zasebnih gospodinjstvih. <br \/> Dvojna \u010drpalka z mo\u010djo 300 W dose\u017ee izjemno vrednost vakuuma 96 %. Poleg tega 3 mm \u0161irok varilni \u0161iv zagotavlja varno in trajno embala\u017eo za va\u0161e vakuumsko zaprte izdelke. <\/p>\n","protected":false},"featured_media":96792,"comment_status":"closed","ping_status":"closed","template":"","meta":{"_acf_changed":false},"product_brand":[1479],"product_cat":[120],"product_tag":[],"class_list":{"0":"post-96996","1":"product","2":"type-product","3":"status-publish","4":"has-post-thumbnail","6":"product_brand-feuma","7":"product_cat-aparati-za-vakuumiranje-priprava-zivil","9":"first","10":"instock","11":"shipping-taxable","12":"purchasable","13":"product-type-simple"},"acf":[],"_links":{"self":[{"href":"https:\/\/go-st.vizia.si\/index.php?rest_route=\/wp\/v2\/product\/96996","targetHints":{"allow":["GET"]}}],"collection":[{"href":"https:\/\/go-st.vizia.si\/index.php?rest_route=\/wp\/v2\/product"}],"about":[{"href":"https:\/\/go-st.vizia.si\/index.php?rest_route=\/wp\/v2\/types\/product"}],"replies":[{"embeddable":true,"href":"https:\/\/go-st.vizia.si\/index.php?rest_route=%2Fwp%2Fv2%2Fcomments&post=96996"}],"wp:featuredmedia":[{"embeddable":true,"href":"https:\/\/go-st.vizia.si\/index.php?rest_route=\/wp\/v2\/media\/96792"}],"wp:attachment":[{"href":"https:\/\/go-st.vizia.si\/index.php?rest_route=%2Fwp%2Fv2%2Fmedia&parent=96996"}],"wp:term":[{"taxonomy":"product_brand","embeddable":true,"href":"https:\/\/go-st.vizia.si\/index.php?rest_route=%2Fwp%2Fv2%2Fproduct_brand&post=96996"},{"taxonomy":"product_cat","embeddable":true,"href":"https:\/\/go-st.vizia.si\/index.php?rest_route=%2Fwp%2Fv2%2Fproduct_cat&post=96996"},{"taxonomy":"product_tag","embeddable":true,"href":"https:\/\/go-st.vizia.si\/index.php?rest_route=%2Fwp%2Fv2%2Fproduct_tag&post=96996"}],"curies":[{"name":"wp","href":"https:\/\/api.w.org\/{rel}","templated":true}]}}