{"id":97009,"date":"2026-02-27T14:07:15","date_gmt":"2026-02-27T14:07:15","guid":{"rendered":"https:\/\/go-st.vizia.si\/?product=mobilna-spodnja-omarica-brez-rezalnika-zelenjave-supra"},"modified":"2026-02-27T14:07:15","modified_gmt":"2026-02-27T14:07:15","slug":"mobilna-spodnja-omarica-brez-rezalnika-zelenjave-supra","status":"publish","type":"product","link":"https:\/\/go-st.vizia.si\/?product=mobilna-spodnja-omarica-brez-rezalnika-zelenjave-supra","title":{"rendered":"Mobilna spodnja omarica - brez rezalnika zelenjave Supra"},"content":{"rendered":"<p>Dizajn<\/p>\n<ul>\n<li>Material: Nerjave\u010de jeklo<\/li>\n<li>s 4 vrtljivimi kolesi z gumijastimi pnevmatikami, ki jih je mogo\u010de zakleniti, z izvle\u010dno polico za postavitev posode GN in s polnim izvle\u010denjem za namestitev posode GN.<\/li>\n<li>Dimenzije: 500 x 600 x 600 (\u0160 x G x V)<\/li>\n<li>Te\u017ea: 50 kg<\/li>\n<\/ul>\n<p>Dostava vklju\u010duje samo to mobilno spodnjo omarico - brez rezalnika zelenjave.<\/p>\n","protected":false},"excerpt":{"rendered":"<p>Idealno primerno za rezalnike zelenjave TED FEUMA, GVM 210, SUPRA 6e<\/p>\n","protected":false},"featured_media":96674,"comment_status":"closed","ping_status":"closed","template":"","meta":{"_acf_changed":false},"product_brand":[1479],"product_cat":[127],"product_tag":[],"class_list":{"0":"post-97009","1":"product","2":"type-product","3":"status-publish","4":"has-post-thumbnail","6":"product_brand-feuma","7":"product_cat-rezalniki-in-sekljalniki-sadja-in-zelenjave","9":"first","10":"instock","11":"shipping-taxable","12":"purchasable","13":"product-type-simple"},"acf":[],"_links":{"self":[{"href":"https:\/\/go-st.vizia.si\/index.php?rest_route=\/wp\/v2\/product\/97009","targetHints":{"allow":["GET"]}}],"collection":[{"href":"https:\/\/go-st.vizia.si\/index.php?rest_route=\/wp\/v2\/product"}],"about":[{"href":"https:\/\/go-st.vizia.si\/index.php?rest_route=\/wp\/v2\/types\/product"}],"replies":[{"embeddable":true,"href":"https:\/\/go-st.vizia.si\/index.php?rest_route=%2Fwp%2Fv2%2Fcomments&post=97009"}],"wp:featuredmedia":[{"embeddable":true,"href":"https:\/\/go-st.vizia.si\/index.php?rest_route=\/wp\/v2\/media\/96674"}],"wp:attachment":[{"href":"https:\/\/go-st.vizia.si\/index.php?rest_route=%2Fwp%2Fv2%2Fmedia&parent=97009"}],"wp:term":[{"taxonomy":"product_brand","embeddable":true,"href":"https:\/\/go-st.vizia.si\/index.php?rest_route=%2Fwp%2Fv2%2Fproduct_brand&post=97009"},{"taxonomy":"product_cat","embeddable":true,"href":"https:\/\/go-st.vizia.si\/index.php?rest_route=%2Fwp%2Fv2%2Fproduct_cat&post=97009"},{"taxonomy":"product_tag","embeddable":true,"href":"https:\/\/go-st.vizia.si\/index.php?rest_route=%2Fwp%2Fv2%2Fproduct_tag&post=97009"}],"curies":[{"name":"wp","href":"https:\/\/api.w.org\/{rel}","templated":true}]}}